Last updated on 2025-02-16 10:50:42 CET.
Flavor | Version | Tinstall | Tcheck | Ttotal | Status | Flags |
---|---|---|---|---|---|---|
r-devel-linux-x86_64-debian-clang | 2.1.5 | 94.41 | 397.35 | 491.76 | OK | |
r-devel-linux-x86_64-debian-gcc | 2.1.5 | 71.38 | 275.69 | 347.07 | OK | |
r-devel-linux-x86_64-fedora-clang | 2.1.5 | 837.74 | OK | |||
r-devel-linux-x86_64-fedora-gcc | 2.1.5 | 780.26 | OK | |||
r-devel-macos-arm64 | 2.1.5 | 220.00 | OK | |||
r-devel-macos-x86_64 | 2.1.5 | 389.00 | OK | |||
r-devel-windows-x86_64 | 2.1.5 | 82.00 | 397.00 | 479.00 | OK | |
r-patched-linux-x86_64 | 2.1.5 | 93.59 | 373.55 | 467.14 | OK | |
r-release-linux-x86_64 | 2.1.5 | 89.89 | 371.79 | 461.68 | OK | |
r-release-macos-arm64 | 2.1.5 | 182.00 | NOTE | |||
r-release-macos-x86_64 | 2.1.5 | 289.00 | NOTE | |||
r-release-windows-x86_64 | 2.1.5 | 83.00 | 400.00 | 483.00 | NOTE | |
r-oldrel-macos-arm64 | 2.1.5 | 215.00 | NOTE | |||
r-oldrel-macos-x86_64 | 2.1.5 | 347.00 | NOTE | |||
r-oldrel-windows-x86_64 | 2.1.5 | 104.00 | 496.00 | 600.00 | NOTE |
Version: 2.1.5
Check: installed package size
Result: NOTE
installed size is 12.9Mb
sub-directories of 1Mb or more:
doc 3.3Mb
help 1.1Mb
libs 7.7Mb
Flavors: r-release-macos-arm64, r-release-macos-x86_64, r-release-windows-x86_64, r-oldrel-macos-arm64, r-oldrel-macos-x86_64, r-oldrel-windows-x86_64
These binaries (installable software) and packages are in development.
They may not be fully stable and should be used with caution. We make no claims about them.