Last updated on 2025-07-04 01:49:50 CEST.
Flavor | Version | Tinstall | Tcheck | Ttotal | Status | Flags |
---|---|---|---|---|---|---|
r-devel-linux-x86_64-debian-clang | 1.1.4 | 11.83 | 64.29 | 76.12 | OK | |
r-devel-linux-x86_64-debian-gcc | 1.1.4 | 7.81 | 45.82 | 53.63 | OK | |
r-devel-linux-x86_64-fedora-clang | 1.1.4 | 122.41 | OK | |||
r-devel-linux-x86_64-fedora-gcc | 1.1.4 | 128.96 | OK | |||
r-devel-windows-x86_64 | 1.1.4 | 16.00 | 107.00 | 123.00 | OK | |
r-patched-linux-x86_64 | 1.1.4 | 11.48 | 60.83 | 72.31 | OK | |
r-release-linux-x86_64 | 1.1.4 | 11.01 | 61.39 | 72.40 | OK | |
r-release-macos-arm64 | 1.1.4 | 45.00 | OK | |||
r-release-macos-x86_64 | 1.1.4 | 114.00 | OK | |||
r-release-windows-x86_64 | 1.1.4 | 16.00 | 107.00 | 123.00 | OK | |
r-oldrel-macos-arm64 | 1.1.4 | 88.00 | OK | |||
r-oldrel-macos-x86_64 | 1.1.4 | 114.00 | NOTE | |||
r-oldrel-windows-x86_64 | 1.1.4 | 19.00 | 116.00 | 135.00 | OK |
Version: 1.1.4
Check: installed package size
Result: NOTE
installed size is 5.0Mb
sub-directories of 1Mb or more:
data 3.5Mb
Flavor: r-oldrel-macos-x86_64
These binaries (installable software) and packages are in development.
They may not be fully stable and should be used with caution. We make no claims about them.