Last updated on 2025-05-01 14:49:05 CEST.
Flavor | Version | Tinstall | Tcheck | Ttotal | Status | Flags |
---|---|---|---|---|---|---|
r-devel-linux-x86_64-debian-clang | 1.1.4 | 11.93 | 64.53 | 76.46 | OK | |
r-devel-linux-x86_64-debian-gcc | 1.1.4 | 7.89 | 45.50 | 53.39 | OK | |
r-devel-linux-x86_64-fedora-clang | 1.1.4 | 118.11 | OK | |||
r-devel-linux-x86_64-fedora-gcc | 1.1.4 | 138.44 | OK | |||
r-devel-windows-x86_64 | 1.1.4 | 14.00 | 113.00 | 127.00 | OK | |
r-patched-linux-x86_64 | 1.1.4 | 11.12 | 61.37 | 72.49 | OK | |
r-release-linux-x86_64 | OK | |||||
r-release-macos-arm64 | 1.1.4 | 45.00 | OK | |||
r-release-macos-x86_64 | 1.1.4 | 114.00 | OK | |||
r-release-windows-x86_64 | 1.1.4 | 16.00 | 122.00 | 138.00 | OK | |
r-oldrel-macos-arm64 | 1.1.4 | 88.00 | OK | |||
r-oldrel-macos-x86_64 | 1.1.4 | 114.00 | NOTE | |||
r-oldrel-windows-x86_64 | 1.1.4 | 15.00 | 117.00 | 132.00 | OK |
Version: 1.1.4
Check: installed package size
Result: NOTE
installed size is 5.0Mb
sub-directories of 1Mb or more:
data 3.5Mb
Flavor: r-oldrel-macos-x86_64
These binaries (installable software) and packages are in development.
They may not be fully stable and should be used with caution. We make no claims about them.