Last updated on 2025-07-26 07:50:16 CEST.
Flavor | Version | Tinstall | Tcheck | Ttotal | Status | Flags |
---|---|---|---|---|---|---|
r-devel-linux-x86_64-debian-clang | 2.1.1 | 11.06 | 142.10 | 153.16 | NOTE | |
r-devel-linux-x86_64-debian-gcc | 2.1.1 | 6.55 | 91.62 | 98.17 | NOTE | |
r-devel-linux-x86_64-fedora-clang | 2.1.1 | 242.85 | OK | |||
r-devel-linux-x86_64-fedora-gcc | 2.1.1 | 237.08 | OK | |||
r-devel-windows-x86_64 | 2.1.1 | 12.00 | 150.00 | 162.00 | OK | |
r-patched-linux-x86_64 | 2.1.1 | 9.60 | 130.67 | 140.27 | OK | |
r-release-linux-x86_64 | 2.1.1 | 10.79 | 131.44 | 142.23 | OK | |
r-release-macos-arm64 | 2.1.1 | 66.00 | OK | |||
r-release-macos-x86_64 | 2.1.1 | 119.00 | OK | |||
r-release-windows-x86_64 | 2.1.1 | 13.00 | 153.00 | 166.00 | OK | |
r-oldrel-macos-arm64 | 2.1.1 | 62.00 | OK | |||
r-oldrel-macos-x86_64 | 2.1.1 | 92.00 | OK | |||
r-oldrel-windows-x86_64 | 2.1.1 | 16.00 | 184.00 | 200.00 | OK |
Version: 2.1.1
Check: CRAN incoming feasibility
Result: NOTE
Maintainer: ‘Emilio Akira Morones Ishikawa <emiliomorones@gmail.com>’
No Authors@R field in DESCRIPTION.
Please add one, modifying
Authors@R: c(person(given = c("L.", "E."),
family = "Nieto-Barajas",
role = "aut"),
person(given = c("J.", "A.", "Garcia"),
family = "Bueno",
role = "aut"),
person(given = c("E.A.", "Morones"),
family = "Ishikawa",
role = "aut"),
person(given = "J.",
family = "Pliego",
role = "aut"),
person(given = c("Emilio", "Akira", "Morones"),
family = "Ishikawa",
role = "cre",
email = "emiliomorones@gmail.com"))
as necessary.
Flavors: r-devel-linux-x86_64-debian-clang, r-devel-linux-x86_64-debian-gcc
These binaries (installable software) and packages are in development.
They may not be fully stable and should be used with caution. We make no claims about them.