Last updated on 2025-02-16 10:50:42 CET.
Flavor | Version | Tinstall | Tcheck | Ttotal | Status | Flags |
---|---|---|---|---|---|---|
r-devel-linux-x86_64-debian-clang | 2.5.8 | 90.61 | 347.45 | 438.06 | OK | |
r-devel-linux-x86_64-debian-gcc | 2.5.8 | 64.10 | 218.93 | 283.03 | OK | |
r-devel-linux-x86_64-fedora-clang | 2.5.8 | 766.58 | OK | |||
r-devel-linux-x86_64-fedora-gcc | 2.5.8 | 744.43 | OK | |||
r-devel-macos-arm64 | 2.5.8 | 182.00 | OK | |||
r-devel-macos-x86_64 | 2.5.8 | 405.00 | OK | |||
r-devel-windows-x86_64 | 2.5.8 | 88.00 | 308.00 | 396.00 | OK | |
r-patched-linux-x86_64 | 2.5.8 | 88.62 | 329.47 | 418.09 | NOTE | |
r-release-linux-x86_64 | 2.5.8 | 89.86 | 329.30 | 419.16 | NOTE | |
r-release-macos-arm64 | 2.5.8 | 102.00 | NOTE | |||
r-release-macos-x86_64 | 2.5.8 | 181.00 | NOTE | |||
r-release-windows-x86_64 | 2.5.8 | 89.00 | 325.00 | 414.00 | NOTE | |
r-oldrel-macos-arm64 | 2.5.8 | 171.00 | NOTE | |||
r-oldrel-macos-x86_64 | 2.5.8 | 294.00 | NOTE | |||
r-oldrel-windows-x86_64 | 2.5.8 | 112.00 | 401.00 | 513.00 | NOTE |
Version: 2.5.8
Check: for GNU extensions in Makefiles
Result: NOTE
GNU make is a SystemRequirements.
Flavors: r-patched-linux-x86_64, r-release-linux-x86_64, r-release-macos-arm64, r-release-macos-x86_64, r-release-windows-x86_64, r-oldrel-macos-arm64, r-oldrel-macos-x86_64, r-oldrel-windows-x86_64
Version: 2.5.8
Check: installed package size
Result: NOTE
installed size is 10.8Mb
sub-directories of 1Mb or more:
doc 2.9Mb
libs 6.4Mb
Flavors: r-release-macos-arm64, r-release-macos-x86_64, r-release-windows-x86_64, r-oldrel-macos-arm64, r-oldrel-macos-x86_64, r-oldrel-windows-x86_64
These binaries (installable software) and packages are in development.
They may not be fully stable and should be used with caution. We make no claims about them.