Last updated on 2025-07-25 19:49:37 CEST.
Flavor | Version | Tinstall | Tcheck | Ttotal | Status | Flags |
---|---|---|---|---|---|---|
r-devel-linux-x86_64-debian-clang | 2.5.8 | 89.94 | 351.00 | 440.94 | OK | |
r-devel-linux-x86_64-debian-gcc | 2.5.8 | 64.83 | 221.58 | 286.41 | OK | |
r-devel-linux-x86_64-fedora-clang | 2.5.8 | 723.84 | OK | |||
r-devel-linux-x86_64-fedora-gcc | 2.5.8 | 717.57 | OK | |||
r-devel-windows-x86_64 | 2.5.8 | 97.00 | 314.00 | 411.00 | OK | |
r-patched-linux-x86_64 | 2.5.8 | 86.16 | 332.19 | 418.35 | OK | |
r-release-linux-x86_64 | 2.5.8 | 89.61 | 331.42 | 421.03 | OK | |
r-release-macos-arm64 | 2.5.8 | 218.00 | OK | |||
r-release-macos-x86_64 | 2.5.8 | 369.00 | OK | |||
r-release-windows-x86_64 | 2.5.8 | 99.00 | 314.00 | 413.00 | OK | |
r-oldrel-macos-arm64 | 2.5.8 | 102.00 | NOTE | |||
r-oldrel-macos-x86_64 | 2.5.8 | 181.00 | NOTE | |||
r-oldrel-windows-x86_64 | 2.5.8 | 117.00 | 442.00 | 559.00 | NOTE |
Version: 2.5.8
Check: installed package size
Result: NOTE
installed size is 10.8Mb
sub-directories of 1Mb or more:
doc 2.9Mb
libs 6.4Mb
Flavors: r-oldrel-macos-arm64, r-oldrel-macos-x86_64, r-oldrel-windows-x86_64
Version: 2.5.8
Check: for GNU extensions in Makefiles
Result: NOTE
GNU make is a SystemRequirements.
Flavors: r-oldrel-macos-arm64, r-oldrel-macos-x86_64, r-oldrel-windows-x86_64
These binaries (installable software) and packages are in development.
They may not be fully stable and should be used with caution. We make no claims about them.