Last updated on 2025-10-23 17:50:42 CEST.
Flavor | Version | Tinstall | Tcheck | Ttotal | Status | Flags |
---|---|---|---|---|---|---|
r-devel-linux-x86_64-debian-clang | 2.5.9 | 93.15 | 361.69 | 454.84 | OK | |
r-devel-linux-x86_64-debian-gcc | 2.5.9 | 62.51 | 225.32 | 287.83 | OK | |
r-devel-linux-x86_64-fedora-clang | 2.5.9 | 271.00 | 506.73 | 777.73 | OK | |
r-devel-linux-x86_64-fedora-gcc | 2.5.9 | 151.00 | 571.73 | 722.73 | OK | |
r-devel-windows-x86_64 | 2.5.9 | 96.00 | 320.00 | 416.00 | OK | |
r-patched-linux-x86_64 | 2.5.9 | 91.37 | 339.92 | 431.29 | OK | |
r-release-linux-x86_64 | 2.5.9 | 85.72 | 340.70 | 426.42 | OK | |
r-release-macos-arm64 | 2.5.9 | 32.00 | 135.00 | 167.00 | OK | |
r-release-macos-x86_64 | 2.5.9 | 43.00 | 339.00 | 382.00 | OK | |
r-release-windows-x86_64 | 2.5.9 | 101.00 | 325.00 | 426.00 | OK | |
r-oldrel-macos-arm64 | 2.5.9 | 30.00 | 140.00 | 170.00 | NOTE | |
r-oldrel-macos-x86_64 | 2.5.9 | 39.00 | 348.00 | 387.00 | NOTE | |
r-oldrel-windows-x86_64 | 2.5.9 | 118.00 | 441.00 | 559.00 | NOTE |
Version: 2.5.9
Check: installed package size
Result: NOTE
installed size is 10.9Mb
sub-directories of 1Mb or more:
doc 2.8Mb
libs 6.5Mb
Flavors: r-oldrel-macos-arm64, r-oldrel-macos-x86_64, r-oldrel-windows-x86_64
Version: 2.5.9
Check: for GNU extensions in Makefiles
Result: NOTE
GNU make is a SystemRequirements.
Flavors: r-oldrel-macos-arm64, r-oldrel-macos-x86_64, r-oldrel-windows-x86_64
These binaries (installable software) and packages are in development.
They may not be fully stable and should be used with caution. We make no claims about them.