Last updated on 2025-02-16 10:50:42 CET.
Flavor | Version | Tinstall | Tcheck | Ttotal | Status | Flags |
---|---|---|---|---|---|---|
r-devel-linux-x86_64-debian-clang | 2016.05.31 | 2.29 | 30.87 | 33.16 | NOTE | |
r-devel-linux-x86_64-debian-gcc | 2016.05.31 | 1.54 | 24.79 | 26.33 | NOTE | |
r-devel-linux-x86_64-fedora-clang | 2016.05.31 | 56.18 | NOTE | |||
r-devel-linux-x86_64-fedora-gcc | 2016.05.31 | 63.94 | NOTE | |||
r-devel-macos-arm64 | 2016.05.31 | 28.00 | NOTE | |||
r-devel-macos-x86_64 | 2016.05.31 | 49.00 | NOTE | |||
r-devel-windows-x86_64 | 2016.05.31 | 3.00 | 71.00 | 74.00 | NOTE | |
r-patched-linux-x86_64 | 2016.05.31 | 2.59 | 29.75 | 32.34 | NOTE | |
r-release-linux-x86_64 | 2016.05.31 | 2.04 | 29.80 | 31.84 | NOTE | |
r-release-macos-arm64 | 2016.05.31 | 33.00 | NOTE | |||
r-release-macos-x86_64 | 2016.05.31 | 68.00 | NOTE | |||
r-release-windows-x86_64 | 2016.05.31 | 3.00 | 73.00 | 76.00 | NOTE | |
r-oldrel-macos-arm64 | 2016.05.31 | 32.00 | NOTE | |||
r-oldrel-macos-x86_64 | 2016.05.31 | 41.00 | NOTE | |||
r-oldrel-windows-x86_64 | 2016.05.31 | 3.00 | 67.00 | 70.00 | NOTE |
Version: 2016.05.31
Check: Rd files
Result: NOTE
checkRd: (-1) dotPlot.Rd:56: Escaped LaTeX specials: \&
Flavors: r-devel-linux-x86_64-debian-clang, r-devel-linux-x86_64-debian-gcc, r-devel-linux-x86_64-fedora-clang, r-devel-linux-x86_64-fedora-gcc, r-devel-macos-arm64, r-devel-macos-x86_64, r-devel-windows-x86_64, r-patched-linux-x86_64, r-release-linux-x86_64, r-release-macos-arm64, r-release-macos-x86_64, r-release-windows-x86_64, r-oldrel-macos-arm64, r-oldrel-macos-x86_64, r-oldrel-windows-x86_64
These binaries (installable software) and packages are in development.
They may not be fully stable and should be used with caution. We make no claims about them.