Last updated on 2025-07-11 13:48:21 CEST.
Flavor | Version | Tinstall | Tcheck | Ttotal | Status | Flags |
---|---|---|---|---|---|---|
r-devel-linux-x86_64-debian-clang | 3.1.2 | 37.79 | 53.81 | 91.60 | OK | |
r-devel-linux-x86_64-debian-gcc | 3.1.2 | 26.56 | 38.23 | 64.79 | OK | |
r-devel-linux-x86_64-fedora-clang | 3.1.2 | 157.02 | OK | |||
r-devel-linux-x86_64-fedora-gcc | 3.1.2 | 167.86 | OK | |||
r-devel-windows-x86_64 | 3.1.2 | 41.00 | 116.00 | 157.00 | OK | |
r-patched-linux-x86_64 | 3.1.2 | 40.09 | 49.56 | 89.65 | OK | |
r-release-linux-x86_64 | 3.1.2 | 40.19 | 48.79 | 88.98 | OK | |
r-release-macos-arm64 | 3.1.2 | 67.00 | OK | |||
r-release-macos-x86_64 | 3.1.2 | 115.00 | OK | |||
r-release-windows-x86_64 | 3.1.2 | 42.00 | 121.00 | 163.00 | OK | |
r-oldrel-macos-arm64 | 3.1.2 | 95.00 | NOTE | |||
r-oldrel-macos-x86_64 | 3.1.2 | 196.00 | NOTE | |||
r-oldrel-windows-x86_64 | 3.1.2 | 51.00 | 132.00 | 183.00 | OK |
Version: 3.1.2
Check: installed package size
Result: NOTE
installed size is 5.2Mb
sub-directories of 1Mb or more:
libs 4.6Mb
Flavors: r-oldrel-macos-arm64, r-oldrel-macos-x86_64
These binaries (installable software) and packages are in development.
They may not be fully stable and should be used with caution. We make no claims about them.