CRAN Package Check Results for Package BHSBVAR

Last updated on 2025-02-16 10:50:42 CET.

Flavor Version Tinstall Tcheck Ttotal Status Flags
r-devel-linux-x86_64-debian-clang 3.1.1 35.40 53.02 88.42 NOTE
r-devel-linux-x86_64-debian-gcc 3.1.1 27.74 36.33 64.07 NOTE
r-devel-linux-x86_64-fedora-clang 3.1.1 160.20 NOTE
r-devel-linux-x86_64-fedora-gcc 3.1.1 173.48 NOTE
r-devel-macos-arm64 3.1.1 59.00 NOTE
r-devel-macos-x86_64 3.1.1 106.00 NOTE
r-devel-windows-x86_64 3.1.1 39.00 112.00 151.00 NOTE
r-patched-linux-x86_64 3.1.1 38.31 48.21 86.52 NOTE
r-release-linux-x86_64 3.1.1 35.36 48.50 83.86 NOTE
r-release-macos-arm64 3.1.1 57.00 NOTE
r-release-macos-x86_64 3.1.1 136.00 NOTE
r-release-windows-x86_64 3.1.1 39.00 117.00 156.00 NOTE
r-oldrel-macos-arm64 3.1.1 67.00 NOTE
r-oldrel-macos-x86_64 3.1.1 103.00 NOTE
r-oldrel-windows-x86_64 3.1.1 49.00 137.00 186.00 NOTE

Check Details

Version: 3.1.1
Check: C++ specification
Result: NOTE Specified C++11: please drop specification unless essential Flavors: r-devel-linux-x86_64-debian-clang, r-devel-linux-x86_64-debian-gcc, r-devel-linux-x86_64-fedora-clang, r-devel-linux-x86_64-fedora-gcc, r-devel-macos-arm64, r-devel-macos-x86_64, r-devel-windows-x86_64, r-patched-linux-x86_64, r-release-linux-x86_64, r-release-macos-arm64, r-release-macos-x86_64, r-release-windows-x86_64, r-oldrel-macos-arm64, r-oldrel-macos-x86_64, r-oldrel-windows-x86_64

Version: 3.1.1
Check: installed package size
Result: NOTE installed size is 5.2Mb sub-directories of 1Mb or more: libs 4.6Mb Flavors: r-release-macos-arm64, r-release-macos-x86_64, r-oldrel-macos-arm64, r-oldrel-macos-x86_64

These binaries (installable software) and packages are in development.
They may not be fully stable and should be used with caution. We make no claims about them.