Last updated on 2025-05-21 21:49:11 CEST.
Flavor | Version | Tinstall | Tcheck | Ttotal | Status | Flags |
---|---|---|---|---|---|---|
r-devel-linux-x86_64-debian-clang | 0.1.3 | 35.48 | 80.31 | 115.79 | OK | |
r-devel-linux-x86_64-debian-gcc | 0.1.3 | 22.60 | 56.36 | 78.96 | OK | |
r-devel-linux-x86_64-fedora-clang | 0.1.3 | 195.97 | OK | |||
r-devel-linux-x86_64-fedora-gcc | 0.1.3 | 206.57 | OK | |||
r-devel-windows-x86_64 | 0.1.3 | 45.00 | 113.00 | 158.00 | OK | |
r-patched-linux-x86_64 | 0.1.3 | 31.12 | 76.34 | 107.46 | OK | |
r-release-linux-x86_64 | 0.1.3 | 31.59 | 76.15 | 107.74 | OK | |
r-release-macos-arm64 | 0.1.3 | 69.00 | OK | |||
r-release-macos-x86_64 | 0.1.3 | 125.00 | OK | |||
r-release-windows-x86_64 | 0.1.3 | 46.00 | 110.00 | 156.00 | OK | |
r-oldrel-macos-arm64 | 0.1.3 | 67.00 | NOTE | |||
r-oldrel-macos-x86_64 | 0.1.3 | 132.00 | NOTE |
Version: 0.1.3
Check: for GNU extensions in Makefiles
Result: NOTE
GNU make is a SystemRequirements.
Flavors: r-oldrel-macos-arm64, r-oldrel-macos-x86_64
These binaries (installable software) and packages are in development.
They may not be fully stable and should be used with caution. We make no claims about them.