Last updated on 2025-10-23 17:50:42 CEST.
Flavor | Version | Tinstall | Tcheck | Ttotal | Status | Flags |
---|---|---|---|---|---|---|
r-devel-linux-x86_64-debian-clang | 0.1.3 | 33.50 | 89.75 | 123.25 | OK | |
r-devel-linux-x86_64-debian-gcc | 0.1.3 | 20.94 | 63.58 | 84.52 | OK | |
r-devel-linux-x86_64-fedora-clang | 0.1.3 | 120.00 | 102.51 | 222.51 | OK | |
r-devel-linux-x86_64-fedora-gcc | 0.1.3 | 51.00 | 154.59 | 205.59 | OK | |
r-devel-windows-x86_64 | 0.1.3 | 47.00 | 117.00 | 164.00 | OK | |
r-patched-linux-x86_64 | 0.1.3 | 32.36 | 84.41 | 116.77 | OK | |
r-release-linux-x86_64 | 0.1.3 | 32.27 | 84.69 | 116.96 | OK | |
r-release-macos-arm64 | 0.1.3 | 18.00 | 51.00 | 69.00 | OK | |
r-release-macos-x86_64 | 0.1.3 | 28.00 | 97.00 | 125.00 | OK | |
r-release-windows-x86_64 | 0.1.3 | 50.00 | 117.00 | 167.00 | OK | |
r-oldrel-macos-arm64 | 0.1.3 | 16.00 | 51.00 | 67.00 | NOTE | |
r-oldrel-macos-x86_64 | 0.1.3 | 29.00 | 103.00 | 132.00 | NOTE | |
r-oldrel-windows-x86_64 | 0.1.3 | 54.00 | 148.00 | 202.00 | NOTE |
Version: 0.1.3
Check: for GNU extensions in Makefiles
Result: NOTE
GNU make is a SystemRequirements.
Flavors: r-oldrel-macos-arm64, r-oldrel-macos-x86_64, r-oldrel-windows-x86_64
These binaries (installable software) and packages are in development.
They may not be fully stable and should be used with caution. We make no claims about them.