Last updated on 2025-02-16 10:50:42 CET.
Flavor | Version | Tinstall | Tcheck | Ttotal | Status | Flags |
---|---|---|---|---|---|---|
r-devel-linux-x86_64-debian-clang | 3.6-6 | 127.39 | 128.18 | 255.57 | OK | |
r-devel-linux-x86_64-debian-gcc | 3.6-6 | 88.87 | 86.10 | 174.97 | OK | |
r-devel-linux-x86_64-fedora-clang | 3.6-6 | 446.22 | OK | |||
r-devel-linux-x86_64-fedora-gcc | 3.6-6 | 448.35 | OK | |||
r-devel-macos-arm64 | 3.6-6 | 99.00 | OK | |||
r-devel-macos-x86_64 | 3.6-6 | 142.00 | OK | |||
r-devel-windows-x86_64 | 3.6-6 | 118.00 | 158.00 | 276.00 | OK | |
r-patched-linux-x86_64 | 3.6-6 | 119.09 | 116.89 | 235.98 | OK | |
r-release-linux-x86_64 | 3.6-6 | 116.65 | 114.88 | 231.53 | OK | |
r-release-macos-arm64 | 3.6-6 | 64.00 | NOTE | |||
r-release-macos-x86_64 | 3.6-6 | 128.00 | NOTE | |||
r-release-windows-x86_64 | 3.6-6 | 116.00 | 147.00 | 263.00 | OK | |
r-oldrel-macos-arm64 | 3.6-6 | 70.00 | NOTE | |||
r-oldrel-macos-x86_64 | 3.6-6 | 92.00 | NOTE | |||
r-oldrel-windows-x86_64 | 3.6-6 | 147.00 | 177.00 | 324.00 | OK |
Version: 3.6-6
Check: installed package size
Result: NOTE
installed size is 9.6Mb
sub-directories of 1Mb or more:
data 1.4Mb
libs 7.7Mb
Flavors: r-release-macos-arm64, r-release-macos-x86_64, r-oldrel-macos-arm64, r-oldrel-macos-x86_64
These binaries (installable software) and packages are in development.
They may not be fully stable and should be used with caution. We make no claims about them.