Last updated on 2025-05-02 04:49:30 CEST.
Flavor | Version | Tinstall | Tcheck | Ttotal | Status | Flags |
---|---|---|---|---|---|---|
r-devel-linux-x86_64-debian-clang | 0.2.0 | 621.53 | 205.10 | 826.63 | OK | |
r-devel-linux-x86_64-debian-gcc | 0.2.0 | 629.61 | 228.40 | 858.01 | OK | |
r-devel-linux-x86_64-fedora-clang | 0.2.0 | 1331.14 | OK | |||
r-devel-linux-x86_64-fedora-gcc | 0.2.0 | 2040.99 | OK | |||
r-devel-windows-x86_64 | 0.2.0 | 756.00 | 351.00 | 1107.00 | OK | |
r-patched-linux-x86_64 | 0.2.0 | 802.71 | 285.54 | 1088.25 | OK | |
r-release-linux-x86_64 | OK | |||||
r-release-macos-arm64 | 0.2.0 | 340.00 | OK | |||
r-release-macos-x86_64 | 0.2.0 | 451.00 | OK | |||
r-release-windows-x86_64 | 0.2.0 | 748.00 | 356.00 | 1104.00 | OK | |
r-oldrel-macos-arm64 | 0.2.0 | 198.00 | NOTE | |||
r-oldrel-macos-x86_64 | 0.2.0 | 208.00 | NOTE | |||
r-oldrel-windows-x86_64 | 0.2.0 | 794.00 | 424.00 | 1218.00 | NOTE |
Version: 0.2.0
Check: installed package size
Result: NOTE
installed size is 96.6Mb
sub-directories of 1Mb or more:
libs 96.1Mb
Flavors: r-oldrel-macos-arm64, r-oldrel-macos-x86_64, r-oldrel-windows-x86_64
Version: 0.2.0
Check: for GNU extensions in Makefiles
Result: NOTE
GNU make is a SystemRequirements.
Flavors: r-oldrel-macos-arm64, r-oldrel-macos-x86_64, r-oldrel-windows-x86_64
These binaries (installable software) and packages are in development.
They may not be fully stable and should be used with caution. We make no claims about them.