Last updated on 2025-11-27 15:49:44 CET.
| Flavor | Version | Tinstall | Tcheck | Ttotal | Status | Flags |
|---|---|---|---|---|---|---|
| r-devel-linux-x86_64-debian-clang | 0.2.0 | 631.49 | 217.99 | 849.48 | OK | |
| r-devel-linux-x86_64-debian-gcc | 0.2.0 | 568.84 | 235.85 | 804.69 | OK | |
| r-devel-linux-x86_64-fedora-clang | 0.2.0 | 2280.00 | -846.35 | 1433.65 | OK | |
| r-devel-linux-x86_64-fedora-gcc | 0.2.0 | 1920.00 | -55.89 | 1864.11 | OK | |
| r-devel-windows-x86_64 | 0.2.0 | 897.00 | 347.00 | 1244.00 | OK | |
| r-patched-linux-x86_64 | 0.2.0 | 780.41 | 298.47 | 1078.88 | OK | |
| r-release-linux-x86_64 | 0.2.0 | 803.26 | 298.88 | 1102.14 | OK | |
| r-release-macos-arm64 | 0.2.0 | OK | ||||
| r-release-macos-x86_64 | 0.2.0 | 238.00 | 213.00 | 451.00 | OK | |
| r-release-windows-x86_64 | 0.2.0 | 721.00 | 351.00 | 1072.00 | OK | |
| r-oldrel-macos-arm64 | 0.2.0 | NOTE | ||||
| r-oldrel-macos-x86_64 | 0.2.0 | 103.00 | 105.00 | 208.00 | NOTE | |
| r-oldrel-windows-x86_64 | 0.2.0 | 850.00 | 438.00 | 1288.00 | NOTE |
Version: 0.2.0
Check: installed package size
Result: NOTE
installed size is 96.6Mb
sub-directories of 1Mb or more:
libs 96.1Mb
Flavors: r-oldrel-macos-arm64, r-oldrel-macos-x86_64, r-oldrel-windows-x86_64
Version: 0.2.0
Check: for GNU extensions in Makefiles
Result: NOTE
GNU make is a SystemRequirements.
Flavors: r-oldrel-macos-arm64, r-oldrel-macos-x86_64, r-oldrel-windows-x86_64
These binaries (installable software) and packages are in development.
They may not be fully stable and should be used with caution. We make no claims about them.