Last updated on 2025-02-16 10:50:42 CET.
Flavor | Version | Tinstall | Tcheck | Ttotal | Status | Flags |
---|---|---|---|---|---|---|
r-devel-linux-x86_64-debian-clang | 0.2.0 | 626.78 | 202.66 | 829.44 | OK | |
r-devel-linux-x86_64-debian-gcc | 0.2.0 | 609.30 | 230.26 | 839.56 | OK | |
r-devel-linux-x86_64-fedora-clang | 0.2.0 | 1409.91 | OK | |||
r-devel-linux-x86_64-fedora-gcc | 0.2.0 | 2079.24 | OK | |||
r-devel-macos-arm64 | 0.2.0 | 356.00 | OK | |||
r-devel-macos-x86_64 | 0.2.0 | 451.00 | OK | |||
r-devel-windows-x86_64 | 0.2.0 | 625.00 | 328.00 | 953.00 | OK | |
r-patched-linux-x86_64 | 0.2.0 | 766.63 | 278.80 | 1045.43 | NOTE | |
r-release-linux-x86_64 | 0.2.0 | 795.79 | 279.40 | 1075.19 | NOTE | |
r-release-macos-arm64 | 0.2.0 | 198.00 | NOTE | |||
r-release-macos-x86_64 | 0.2.0 | 208.00 | NOTE | |||
r-release-windows-x86_64 | 0.2.0 | 634.00 | 331.00 | 965.00 | NOTE | |
r-oldrel-macos-arm64 | 0.2.0 | 401.00 | NOTE | |||
r-oldrel-macos-x86_64 | 0.2.0 | 625.00 | NOTE | |||
r-oldrel-windows-x86_64 | 0.2.0 | 823.00 | 395.00 | 1218.00 | NOTE |
Version: 0.2.0
Check: for GNU extensions in Makefiles
Result: NOTE
GNU make is a SystemRequirements.
Flavors: r-patched-linux-x86_64, r-release-linux-x86_64, r-release-macos-arm64, r-release-macos-x86_64, r-release-windows-x86_64, r-oldrel-macos-arm64, r-oldrel-macos-x86_64, r-oldrel-windows-x86_64
Version: 0.2.0
Check: installed package size
Result: NOTE
installed size is 96.6Mb
sub-directories of 1Mb or more:
libs 96.1Mb
Flavors: r-release-macos-arm64, r-release-macos-x86_64, r-release-windows-x86_64, r-oldrel-macos-arm64, r-oldrel-macos-x86_64, r-oldrel-windows-x86_64
These binaries (installable software) and packages are in development.
They may not be fully stable and should be used with caution. We make no claims about them.