CRAN Package Check Results for Package BIOdry

Last updated on 2025-02-16 10:50:42 CET.

Flavor Version Tinstall Tcheck Ttotal Status Flags
r-devel-linux-x86_64-debian-clang 0.9 3.07 35.75 38.82 NOTE
r-devel-linux-x86_64-debian-gcc 0.9 3.17 25.95 29.12 NOTE
r-devel-linux-x86_64-fedora-clang 0.9 66.71 NOTE
r-devel-linux-x86_64-fedora-gcc 0.9 59.64 NOTE
r-devel-macos-arm64 0.9 26.00 NOTE
r-devel-macos-x86_64 0.9 41.00 NOTE
r-devel-windows-x86_64 0.9 5.00 59.00 64.00 NOTE
r-patched-linux-x86_64 0.9 8.72 33.61 42.33 NOTE
r-release-linux-x86_64 0.9 3.69 33.55 37.24 NOTE
r-release-macos-arm64 0.9 23.00 NOTE
r-release-macos-x86_64 0.9 36.00 NOTE
r-release-windows-x86_64 0.9 6.00 70.00 76.00 NOTE
r-oldrel-macos-arm64 0.9 22.00 OK
r-oldrel-macos-x86_64 0.9 30.00 OK
r-oldrel-windows-x86_64 0.9 8.00 64.00 72.00 OK

Check Details

Version: 0.9
Check: Rd files
Result: NOTE checkRd: (-1) ringApply.Rd:9: Lost braces; missing escapes or markup? 9 | \item{lv}{{numeric} position, or {character} name, of an | ^ Flavors: r-devel-linux-x86_64-debian-clang, r-devel-linux-x86_64-debian-gcc, r-devel-linux-x86_64-fedora-clang, r-devel-linux-x86_64-fedora-gcc, r-devel-macos-arm64, r-devel-macos-x86_64, r-devel-windows-x86_64, r-patched-linux-x86_64, r-release-linux-x86_64, r-release-macos-arm64, r-release-macos-x86_64, r-release-windows-x86_64

Version: 0.9
Check: Rd cross-references
Result: NOTE Found the following Rd file(s) with Rd \link{} targets missing package anchors: anova.modelFrame.Rd: anova.lme frametoLme.Rd: lme, nlme, groupedData lmeForm.Rd: groupedData modelFrame.Rd: lme, nlme, groupedData muleMan.Rd: groupedData, mgram, ecodist shiftFrame.Rd: groupedData summary.modelFrame.Rd: summary.lme Please provide package anchors for all Rd \link{} targets not in the package itself and the base packages. Flavors: r-devel-linux-x86_64-debian-clang, r-devel-linux-x86_64-debian-gcc, r-devel-windows-x86_64

These binaries (installable software) and packages are in development.
They may not be fully stable and should be used with caution. We make no claims about them.