Last updated on 2025-10-03 13:49:27 CEST.
Flavor | Version | Tinstall | Tcheck | Ttotal | Status | Flags |
---|---|---|---|---|---|---|
r-devel-linux-x86_64-debian-clang | 0.1.7 | 119.00 | 118.38 | 237.38 | OK | |
r-devel-linux-x86_64-debian-gcc | 0.1.7 | 77.27 | 73.61 | 150.88 | OK | |
r-devel-linux-x86_64-fedora-clang | 0.1.7 | 437.40 | OK | |||
r-devel-linux-x86_64-fedora-gcc | 0.1.7 | 406.26 | OK | |||
r-devel-windows-x86_64 | 0.1.7 | 140.00 | 148.00 | 288.00 | OK | |
r-patched-linux-x86_64 | 0.1.7 | 121.24 | 112.39 | 233.63 | OK | |
r-release-linux-x86_64 | 0.1.7 | 119.20 | 109.98 | 229.18 | OK | |
r-release-macos-arm64 | 0.1.7 | 115.00 | OK | |||
r-release-macos-x86_64 | 0.1.7 | 214.00 | OK | |||
r-release-windows-x86_64 | 0.1.7 | 143.00 | 148.00 | 291.00 | OK | |
r-oldrel-macos-arm64 | 0.1.7 | 127.00 | NOTE | |||
r-oldrel-macos-x86_64 | 0.1.7 | 189.00 | NOTE | |||
r-oldrel-windows-x86_64 | 0.1.7 | 166.00 | 181.00 | 347.00 | OK |
Version: 0.1.7
Check: installed package size
Result: NOTE
installed size is 6.5Mb
sub-directories of 1Mb or more:
libs 5.6Mb
Flavors: r-oldrel-macos-arm64, r-oldrel-macos-x86_64
These binaries (installable software) and packages are in development.
They may not be fully stable and should be used with caution. We make no claims about them.