Last updated on 2024-07-27 15:50:12 CEST.
Flavor | Version | Tinstall | Tcheck | Ttotal | Status | Flags |
---|---|---|---|---|---|---|
r-devel-linux-x86_64-debian-clang | 1.0.2 | 2.44 | 26.56 | 29.00 | NOTE | |
r-devel-linux-x86_64-debian-gcc | 1.0.2 | NOTE | ||||
r-devel-linux-x86_64-fedora-clang | 1.0.2 | 36.32 | NOTE | |||
r-devel-linux-x86_64-fedora-gcc | 1.0.2 | 34.44 | NOTE | |||
r-devel-windows-x86_64 | 1.0.2 | 3.00 | 48.00 | 51.00 | NOTE | |
r-patched-linux-x86_64 | 1.0.2 | NOTE | ||||
r-release-linux-x86_64 | 1.0.2 | 2.23 | 25.62 | 27.85 | NOTE | |
r-release-macos-arm64 | 1.0.2 | 17.00 | NOTE | |||
r-release-macos-x86_64 | 1.0.2 | 27.00 | NOTE | |||
r-release-windows-x86_64 | 1.0.2 | 3.00 | 48.00 | 51.00 | NOTE | |
r-oldrel-macos-arm64 | 1.0.2 | 19.00 | NOTE | |||
r-oldrel-macos-x86_64 | 1.0.2 | 22.00 | NOTE | |||
r-oldrel-windows-x86_64 | 1.0.2 | 3.00 | 47.00 | 50.00 | NOTE |
Version: 1.0.2
Check: LazyData
Result: NOTE
'LazyData' is specified without a 'data' directory
Flavors: r-devel-linux-x86_64-debian-clang, r-devel-linux-x86_64-debian-gcc, r-devel-linux-x86_64-fedora-clang, r-devel-linux-x86_64-fedora-gcc, r-devel-windows-x86_64, r-patched-linux-x86_64, r-release-linux-x86_64, r-release-macos-arm64, r-release-macos-x86_64, r-release-windows-x86_64, r-oldrel-macos-arm64, r-oldrel-macos-x86_64, r-oldrel-windows-x86_64
These binaries (installable software) and packages are in development.
They may not be fully stable and should be used with caution. We make no claims about them.