CRAN Package Check Results for Package BLOQ

Last updated on 2025-05-08 04:52:00 CEST.

Flavor Version Tinstall Tcheck Ttotal Status Flags
r-devel-linux-x86_64-debian-clang 0.1-1 3.06 41.08 44.14 NOTE
r-devel-linux-x86_64-debian-gcc 0.1-2 1.92 29.08 31.00 OK
r-devel-linux-x86_64-fedora-clang 0.1-2 74.27 OK
r-devel-linux-x86_64-fedora-gcc 0.1-2 71.90 OK
r-devel-windows-x86_64 0.1-2 7.00 75.00 82.00 OK
r-patched-linux-x86_64 0.1-2 2.75 38.95 41.70 OK
r-release-linux-x86_64 0.1-1 2.06 38.86 40.92 OK
r-release-macos-arm64 0.1-2 23.00 OK
r-release-macos-x86_64 0.1-2 39.00 OK
r-release-windows-x86_64 0.1-2 5.00 75.00 80.00 OK
r-oldrel-macos-arm64 0.1-2 28.00 OK
r-oldrel-macos-x86_64 0.1-2 40.00 OK
r-oldrel-windows-x86_64 0.1-1 5.00 69.00 74.00 OK

Check Details

Version: 0.1-1
Check: CRAN incoming feasibility
Result: NOTE Maintainer: ‘Vahid Nassiri <vahid.nassiri@openanalytics.eu>’ The Description field contains <https://www.tandfonline.com/doi/full/10.1080/19466315.2019.1701546>). Please use permanent DOI markup for linking to publications as in <doi:prefix/suffix>. Flavor: r-devel-linux-x86_64-debian-clang

These binaries (installable software) and packages are in development.
They may not be fully stable and should be used with caution. We make no claims about them.