CRAN Package Check Results for Package BLRPM

Last updated on 2025-10-09 21:50:12 CEST.

Flavor Version Tinstall Tcheck Ttotal Status Flags
r-devel-linux-x86_64-debian-clang 1.0 3.06 23.52 26.58 NOTE
r-devel-linux-x86_64-debian-gcc 1.0 2.06 19.09 21.15 NOTE
r-devel-linux-x86_64-fedora-clang 1.0 39.75 OK
r-devel-linux-x86_64-fedora-gcc 1.0 37.30 OK
r-devel-windows-x86_64 1.0 4.00 48.00 52.00 OK
r-patched-linux-x86_64 1.0 3.20 22.59 25.79 OK
r-release-linux-x86_64 1.0 2.84 22.14 24.98 OK
r-release-macos-arm64 1.0 17.00 OK
r-release-macos-x86_64 1.0 28.00 OK
r-release-windows-x86_64 1.0 4.00 52.00 56.00 OK
r-oldrel-macos-arm64 1.0 21.00 OK
r-oldrel-macos-x86_64 1.0 24.00 OK
r-oldrel-windows-x86_64 1.0 4.00 53.00 57.00 OK

Check Details

Version: 1.0
Check: CRAN incoming feasibility
Result: NOTE Maintainer: ‘Christoph Ritschel <christoph.ritschel@met.fu-berlin.de>’ No Authors@R field in DESCRIPTION. Please add one, modifying Authors@R: person(given = "Christoph", family = "Ritschel", role = c("aut", "cre"), email = "christoph.ritschel@met.fu-berlin.de") as necessary. Flavors: r-devel-linux-x86_64-debian-clang, r-devel-linux-x86_64-debian-gcc

These binaries (installable software) and packages are in development.
They may not be fully stable and should be used with caution. We make no claims about them.