Last updated on 2025-05-01 17:55:58 CEST.
Flavor | Version | Tinstall | Tcheck | Ttotal | Status | Flags |
---|---|---|---|---|---|---|
r-devel-linux-x86_64-debian-clang | 1.0.1 | 11.72 | 105.34 | 117.06 | NOTE | |
r-devel-linux-x86_64-debian-gcc | 1.0.1 | 9.02 | 71.21 | 80.23 | OK | |
r-devel-linux-x86_64-fedora-clang | 1.0.1 | 183.92 | OK | |||
r-devel-linux-x86_64-fedora-gcc | 1.0.1 | 192.28 | OK | |||
r-devel-windows-x86_64 | 1.0.1 | 13.00 | 106.00 | 119.00 | OK | |
r-patched-linux-x86_64 | 1.0.1 | 12.30 | 100.00 | 112.30 | OK | |
r-release-linux-x86_64 | OK | |||||
r-release-macos-arm64 | 1.0.1 | 58.00 | OK | |||
r-release-macos-x86_64 | 1.0.1 | 104.00 | OK | |||
r-release-windows-x86_64 | 1.0.1 | 13.00 | 110.00 | 123.00 | OK | |
r-oldrel-macos-arm64 | 1.0.1 | 53.00 | OK | |||
r-oldrel-macos-x86_64 | 1.0.1 | 94.00 | OK | |||
r-oldrel-windows-x86_64 | 1.0.1 | 15.00 | 136.00 | 151.00 | OK |
Version: 1.0.1
Check: examples
Result: NOTE
Examples with CPU (user + system) or elapsed time > 5s
user system elapsed
BMRMM 4.546 0.008 6.048
Flavor: r-devel-linux-x86_64-debian-clang
These binaries (installable software) and packages are in development.
They may not be fully stable and should be used with caution. We make no claims about them.