Last updated on 2024-07-27 15:50:12 CEST.
Flavor | Version | Tinstall | Tcheck | Ttotal | Status | Flags |
---|---|---|---|---|---|---|
r-devel-linux-x86_64-debian-clang | 0.1.0.3 | 10.60 | 124.27 | 134.87 | OK | |
r-devel-linux-x86_64-debian-gcc | 0.1.0.3 | NOTE | ||||
r-devel-linux-x86_64-fedora-clang | 0.1.0.3 | 164.60 | OK | |||
r-devel-linux-x86_64-fedora-gcc | 0.1.0.3 | 157.74 | OK | |||
r-devel-windows-x86_64 | 0.1.0.3 | 11.00 | 104.00 | 115.00 | NOTE | |
r-patched-linux-x86_64 | 0.1.0.3 | OK | ||||
r-release-linux-x86_64 | 0.1.0.3 | 9.98 | 115.82 | 125.80 | OK | |
r-release-macos-arm64 | 0.1.0.3 | 45.00 | OK | |||
r-release-macos-x86_64 | 0.1.0.3 | 81.00 | OK | |||
r-release-windows-x86_64 | 0.1.0.3 | 12.00 | 120.00 | 132.00 | OK | |
r-oldrel-macos-arm64 | 0.1.0.3 | 44.00 | OK | |||
r-oldrel-macos-x86_64 | 0.1.0.3 | 82.00 | OK | |||
r-oldrel-windows-x86_64 | 0.1.0.3 | 14.00 | 127.00 | 141.00 | OK |
Version: 0.1.0.3
Check: Rd cross-references
Result: NOTE
Found the following Rd file(s) with Rd \link{} targets missing package
anchors:
BMTfit.Rd: mledist, fitdist, fitdistrplus, gofstat, plotdist,
cdfcomp, bootdist, mmedist, qmedist, mgedist
BMTfit.mge.Rd: mledist, mgedist, fitdistrplus, fitdist
BMTfit.mle.Rd: mledist, fitdistrplus, fitdist
BMTfit.mme.Rd: mledist, mmedist, fitdistrplus, fitdist
BMTfit.mpse.Rd: mledist, fitdistrplus, fitdist
BMTfit.mqde.Rd: mledist, fitdistrplus, fitdist
BMTfit.qme.Rd: mledist, qmedist, fitdistrplus, fitdist
mpsedist.Rd: mledist, fitdistrplus, mmedist, qmedist, mgedist
mqdedist.Rd: mledist, fitdistrplus, mmedist, qmedist, mgedist
Please provide package anchors for all Rd \link{} targets not in the
package itself and the base packages.
Flavors: r-devel-linux-x86_64-debian-gcc, r-devel-windows-x86_64
These binaries (installable software) and packages are in development.
They may not be fully stable and should be used with caution. We make no claims about them.