Last updated on 2024-07-27 15:50:12 CEST.
Flavor | Version | Tinstall | Tcheck | Ttotal | Status | Flags |
---|---|---|---|---|---|---|
r-devel-linux-x86_64-debian-clang | 2.2.3 | 81.26 | 168.45 | 249.71 | OK | |
r-devel-linux-x86_64-debian-gcc | 2.2.3 | OK | ||||
r-devel-linux-x86_64-fedora-clang | 2.2.3 | 300.86 | OK | |||
r-devel-linux-x86_64-fedora-gcc | 2.2.3 | 368.19 | OK | |||
r-devel-windows-x86_64 | 2.2.3 | 73.00 | 122.00 | 195.00 | OK | |
r-patched-linux-x86_64 | 2.2.3 | OK | ||||
r-release-linux-x86_64 | 2.2.3 | 87.34 | 163.01 | 250.35 | OK | |
r-release-macos-arm64 | 2.2.3 | 112.00 | NOTE | |||
r-release-macos-x86_64 | 2.2.3 | 131.00 | NOTE | |||
r-release-windows-x86_64 | 2.2.3 | 71.00 | 139.00 | 210.00 | OK | |
r-oldrel-macos-arm64 | 2.2.3 | 81.00 | NOTE | |||
r-oldrel-macos-x86_64 | 2.2.3 | 160.00 | NOTE | |||
r-oldrel-windows-x86_64 | 2.2.3 | 93.00 | 148.00 | 241.00 | OK |
Version: 2.2.3
Check: installed package size
Result: NOTE
installed size is 5.2Mb
sub-directories of 1Mb or more:
libs 4.7Mb
Flavors: r-release-macos-arm64, r-release-macos-x86_64, r-oldrel-macos-arm64, r-oldrel-macos-x86_64
These binaries (installable software) and packages are in development.
They may not be fully stable and should be used with caution. We make no claims about them.