CRAN Package Check Results for Package BNSP

Last updated on 2025-05-01 14:49:05 CEST.

Flavor Version Tinstall Tcheck Ttotal Status Flags
r-devel-linux-x86_64-debian-clang 2.2.3 66.17 136.68 202.85 NOTE
r-devel-linux-x86_64-debian-gcc 2.2.3 65.01 98.82 163.83 NOTE
r-devel-linux-x86_64-fedora-clang 2.2.3 318.96 OK
r-devel-linux-x86_64-fedora-gcc 2.2.3 387.48 OK
r-devel-windows-x86_64 2.2.3 77.00 128.00 205.00 OK
r-patched-linux-x86_64 2.2.3 88.11 126.85 214.96 OK
r-release-linux-x86_64 OK
r-release-macos-arm64 2.2.3 231.00 OK
r-release-macos-x86_64 2.2.3 154.00 OK
r-release-windows-x86_64 2.2.3 78.00 128.00 206.00 OK
r-oldrel-macos-arm64 2.2.3 112.00 NOTE
r-oldrel-macos-x86_64 2.2.3 131.00 NOTE
r-oldrel-windows-x86_64 2.2.3 89.00 162.00 251.00 OK

Check Details

Version: 2.2.3
Check: CRAN incoming feasibility
Result: NOTE Maintainer: ‘Georgios Papageorgiou <gpapageo@gmail.com>’ No Authors@R field in DESCRIPTION. Please add one, modifying Authors@R: person(given = "Georgios", family = "Papageorgiou", role = c("aut", "cre"), email = "gpapageo@gmail.com") as necessary. Flavors: r-devel-linux-x86_64-debian-clang, r-devel-linux-x86_64-debian-gcc

Version: 2.2.3
Check: installed package size
Result: NOTE installed size is 5.2Mb sub-directories of 1Mb or more: libs 4.7Mb Flavors: r-oldrel-macos-arm64, r-oldrel-macos-x86_64

These binaries (installable software) and packages are in development.
They may not be fully stable and should be used with caution. We make no claims about them.