Last updated on 2025-11-11 17:49:53 CET.
| Flavor | Version | Tinstall | Tcheck | Ttotal | Status | Flags |
|---|---|---|---|---|---|---|
| r-devel-linux-x86_64-debian-clang | 0.1.1 | 8.98 | 81.42 | 90.40 | OK | |
| r-devel-linux-x86_64-debian-gcc | 0.1.1 | 5.85 | 59.60 | 65.45 | OK | |
| r-devel-linux-x86_64-fedora-clang | 0.1.1 | 57.00 | 93.50 | 150.50 | OK | |
| r-devel-linux-x86_64-fedora-gcc | 0.1.1 | 33.00 | 122.35 | 155.35 | OK | |
| r-devel-windows-x86_64 | 0.1.1 | 10.00 | 87.00 | 97.00 | OK | |
| r-patched-linux-x86_64 | 0.1.1 | 8.74 | 77.44 | 86.18 | OK | |
| r-release-linux-x86_64 | 0.1.1 | 7.54 | 78.39 | 85.93 | OK | |
| r-release-macos-arm64 | 0.1.1 | 5.00 | 53.00 | 58.00 | OK | |
| r-release-macos-x86_64 | 0.1.1 | 8.00 | 91.00 | 99.00 | OK | |
| r-release-windows-x86_64 | 0.1.1 | 10.00 | 84.00 | 94.00 | OK | |
| r-oldrel-macos-arm64 | 0.1.1 | 4.00 | 42.00 | 46.00 | NOTE | |
| r-oldrel-macos-x86_64 | 0.1.1 | 10.00 | 77.00 | 87.00 | NOTE | |
| r-oldrel-windows-x86_64 | 0.1.1 | 14.00 | 109.00 | 123.00 | NOTE |
Version: 0.1.1
Check: LazyData
Result: NOTE
'LazyData' is specified without a 'data' directory
Flavors: r-oldrel-macos-arm64, r-oldrel-macos-x86_64, r-oldrel-windows-x86_64
These binaries (installable software) and packages are in development.
They may not be fully stable and should be used with caution. We make no claims about them.