Last updated on 2025-10-23 23:49:24 CEST.
| Flavor | Version | Tinstall | Tcheck | Ttotal | Status | Flags |
|---|---|---|---|---|---|---|
| r-devel-linux-x86_64-debian-clang | 1.0.0 | 41.38 | 334.02 | 375.40 | NOTE | |
| r-devel-linux-x86_64-debian-gcc | 1.0.0 | 26.45 | 212.08 | 238.53 | OK | |
| r-devel-linux-x86_64-fedora-clang | 1.0.0 | 227.00 | 389.43 | 616.43 | OK | |
| r-devel-linux-x86_64-fedora-gcc | 1.0.0 | 97.00 | 498.19 | 595.19 | OK | |
| r-devel-windows-x86_64 | 1.0.0 | 40.00 | 256.00 | 296.00 | OK | |
| r-patched-linux-x86_64 | 1.0.0 | 36.54 | 313.02 | 349.56 | OK | |
| r-release-linux-x86_64 | 1.0.0 | 39.40 | 312.25 | 351.65 | OK | |
| r-release-macos-arm64 | 1.0.0 | 18.00 | 119.00 | 137.00 | OK | |
| r-release-macos-x86_64 | 1.0.0 | 55.00 | 216.00 | 271.00 | OK | |
| r-release-windows-x86_64 | 1.0.0 | 41.00 | 253.00 | 294.00 | OK | |
| r-oldrel-macos-arm64 | 1.0.0 | 19.00 | 124.00 | 143.00 | OK | |
| r-oldrel-macos-x86_64 | 1.0.0 | 39.00 | 211.00 | 250.00 | OK | |
| r-oldrel-windows-x86_64 | 1.0.0 | 55.00 | 357.00 | 412.00 | OK |
Version: 1.0.0
Check: HTML version of manual
Result: NOTE
Found the following HTML validation problems:
bold.fetch.filters.html:113:1 (bold.fetch.filters.Rd:51): Warning: missing </ul> before </div>
Flavor: r-devel-linux-x86_64-debian-clang
These binaries (installable software) and packages are in development.
They may not be fully stable and should be used with caution. We make no claims about them.