Last updated on 2024-07-27 15:50:12 CEST.
Flavor | Version | Tinstall | Tcheck | Ttotal | Status | Flags |
---|---|---|---|---|---|---|
r-devel-linux-x86_64-debian-clang | 1.0.4 | 7.31 | 84.83 | 92.14 | ERROR | |
r-devel-linux-x86_64-debian-gcc | 1.0.4 | ERROR | ||||
r-devel-linux-x86_64-fedora-clang | 1.0.4 | 119.17 | ERROR | |||
r-devel-linux-x86_64-fedora-gcc | 1.0.4 | 164.35 | NOTE | |||
r-devel-windows-x86_64 | 1.0.4 | 8.00 | 83.00 | 91.00 | ERROR | |
r-patched-linux-x86_64 | 1.0.4 | ERROR | ||||
r-release-linux-x86_64 | 1.0.4 | 9.08 | 79.83 | 88.91 | ERROR | |
r-release-macos-arm64 | 1.0.4 | 50.00 | NOTE | |||
r-release-macos-x86_64 | 1.0.4 | 76.00 | NOTE | |||
r-release-windows-x86_64 | 1.0.4 | 8.00 | 82.00 | 90.00 | ERROR | |
r-oldrel-macos-arm64 | 1.0.4 | 56.00 | NOTE | |||
r-oldrel-macos-x86_64 | 1.0.4 | 126.00 | NOTE | |||
r-oldrel-windows-x86_64 | 1.0.4 | 10.00 | 97.00 | 107.00 | ERROR |
Version: 1.0.4
Check: package dependencies
Result: NOTE
Packages suggested but not available for checking: 'cplexAPI', 'bestsubset'
Flavors: r-devel-linux-x86_64-debian-clang, r-devel-linux-x86_64-debian-gcc, r-devel-linux-x86_64-fedora-clang, r-devel-linux-x86_64-fedora-gcc, r-devel-windows-x86_64, r-patched-linux-x86_64, r-release-linux-x86_64, r-release-macos-arm64, r-release-macos-x86_64, r-release-windows-x86_64, r-oldrel-macos-arm64, r-oldrel-macos-x86_64, r-oldrel-windows-x86_64
Version: 1.0.4
Check: re-building of vignette outputs
Result: ERROR
Error(s) in re-building vignettes:
...
--- re-building ‘BOSO.Rmd’ using rmarkdown
Quitting from lines 56-79 [unnamed-chunk-3] (BOSO.Rmd)
Error: processing vignette 'BOSO.Rmd' failed with diagnostics:
[ENOENT] Failed to remove '/tmp/RtmpmpBuXt/file2267a821d3ad6a': no such file or directory
--- failed re-building ‘BOSO.Rmd’
SUMMARY: processing the following file failed:
‘BOSO.Rmd’
Error: Vignette re-building failed.
Execution halted
Flavor: r-devel-linux-x86_64-debian-clang
Version: 1.0.4
Check: re-building of vignette outputs
Result: ERROR
Error(s) in re-building vignettes:
...
--- re-building ‘BOSO.Rmd’ using rmarkdown
Quitting from lines 56-79 [unnamed-chunk-3] (BOSO.Rmd)
Error: processing vignette 'BOSO.Rmd' failed with diagnostics:
[ENOENT] Failed to remove '/home/hornik/tmp/scratch/RtmpsK5zWd/file3ed9c7539b4273': no such file or directory
--- failed re-building ‘BOSO.Rmd’
SUMMARY: processing the following file failed:
‘BOSO.Rmd’
Error: Vignette re-building failed.
Execution halted
Flavor: r-devel-linux-x86_64-debian-gcc
Version: 1.0.4
Check: re-building of vignette outputs
Result: ERROR
Error(s) in re-building vignettes:
--- re-building ‘BOSO.Rmd’ using rmarkdown
Quitting from lines 56-79 [unnamed-chunk-3] (BOSO.Rmd)
Error: processing vignette 'BOSO.Rmd' failed with diagnostics:
[ENOENT] Failed to remove '/tmp/RtmpfoltCb/working_dir/RtmpWDS1AF/file3bf00758ddde7b': no such file or directory
--- failed re-building ‘BOSO.Rmd’
SUMMARY: processing the following file failed:
‘BOSO.Rmd’
Error: Vignette re-building failed.
Execution halted
Flavor: r-devel-linux-x86_64-fedora-clang
Version: 1.0.4
Check: re-building of vignette outputs
Result: ERROR
Error(s) in re-building vignettes:
--- re-building 'BOSO.Rmd' using rmarkdown
Quitting from lines 56-79 [unnamed-chunk-3] (BOSO.Rmd)
Error: processing vignette 'BOSO.Rmd' failed with diagnostics:
[ENOENT] Failed to remove 'D:/temp/RtmpkNtA8p/filed7181fae703e': no such file or directory
--- failed re-building 'BOSO.Rmd'
SUMMARY: processing the following file failed:
'BOSO.Rmd'
Error: Vignette re-building failed.
Execution halted
Flavor: r-devel-windows-x86_64
Version: 1.0.4
Check: re-building of vignette outputs
Result: ERROR
Error(s) in re-building vignettes:
...
--- re-building ‘BOSO.Rmd’ using rmarkdown
Quitting from lines 56-79 [unnamed-chunk-3] (BOSO.Rmd)
Error: processing vignette 'BOSO.Rmd' failed with diagnostics:
[ENOENT] Failed to remove '/tmp/RtmpvhvxpA/file257cf5451fd581': no such file or directory
--- failed re-building ‘BOSO.Rmd’
SUMMARY: processing the following file failed:
‘BOSO.Rmd’
Error: Vignette re-building failed.
Execution halted
Flavor: r-patched-linux-x86_64
Version: 1.0.4
Check: re-building of vignette outputs
Result: ERROR
Error(s) in re-building vignettes:
...
--- re-building ‘BOSO.Rmd’ using rmarkdown
Quitting from lines 56-79 [unnamed-chunk-3] (BOSO.Rmd)
Error: processing vignette 'BOSO.Rmd' failed with diagnostics:
[ENOENT] Failed to remove '/tmp/RtmpqxtUM9/file294a855f786d2e': no such file or directory
--- failed re-building ‘BOSO.Rmd’
SUMMARY: processing the following file failed:
‘BOSO.Rmd’
Error: Vignette re-building failed.
Execution halted
Flavor: r-release-linux-x86_64
Version: 1.0.4
Check: re-building of vignette outputs
Result: ERROR
Error(s) in re-building vignettes:
--- re-building 'BOSO.Rmd' using rmarkdown
Quitting from lines 56-79 [unnamed-chunk-3] (BOSO.Rmd)
Error: processing vignette 'BOSO.Rmd' failed with diagnostics:
[ENOENT] Failed to remove 'D:/temp/Rtmp6rHSxx/file3a4c6dcc644b': no such file or directory
--- failed re-building 'BOSO.Rmd'
SUMMARY: processing the following file failed:
'BOSO.Rmd'
Error: Vignette re-building failed.
Execution halted
Flavor: r-release-windows-x86_64
Version: 1.0.4
Check: re-building of vignette outputs
Result: ERROR
Error(s) in re-building vignettes:
--- re-building 'BOSO.Rmd' using rmarkdown
Quitting from lines 56-79 [unnamed-chunk-3] (BOSO.Rmd)
Error: processing vignette 'BOSO.Rmd' failed with diagnostics:
[ENOENT] Failed to remove 'D:/temp/RtmpaKGzoe/file1ec5034393445': no such file or directory
--- failed re-building 'BOSO.Rmd'
SUMMARY: processing the following file failed:
'BOSO.Rmd'
Error: Vignette re-building failed.
Execution halted
Flavor: r-oldrel-windows-x86_64
These binaries (installable software) and packages are in development.
They may not be fully stable and should be used with caution. We make no claims about them.