Last updated on 2025-11-11 17:49:53 CET.
| Flavor | Version | Tinstall | Tcheck | Ttotal | Status | Flags |
|---|---|---|---|---|---|---|
| r-devel-linux-x86_64-debian-clang | 1.0.0 | 3.79 | 27.22 | 31.01 | NOTE | |
| r-devel-linux-x86_64-debian-gcc | 1.0.0 | 2.93 | 21.60 | 24.53 | NOTE | |
| r-devel-linux-x86_64-fedora-clang | 1.0.0 | 32.00 | 18.36 | 50.36 | OK | |
| r-devel-linux-x86_64-fedora-gcc | 1.0.0 | 14.00 | 30.69 | 44.69 | OK | |
| r-devel-windows-x86_64 | 1.0.0 | 6.00 | 46.00 | 52.00 | OK | |
| r-patched-linux-x86_64 | 1.0.0 | 3.58 | 25.59 | 29.17 | OK | |
| r-release-linux-x86_64 | 1.0.0 | 3.52 | 25.46 | 28.98 | OK | |
| r-release-macos-arm64 | 1.0.0 | 2.00 | 17.00 | 19.00 | OK | |
| r-release-macos-x86_64 | 1.0.0 | 6.00 | 41.00 | 47.00 | OK | |
| r-release-windows-x86_64 | 1.0.0 | 5.00 | 43.00 | 48.00 | OK | |
| r-oldrel-macos-arm64 | 1.0.0 | 2.00 | 20.00 | 22.00 | OK | |
| r-oldrel-macos-x86_64 | 1.0.0 | 6.00 | 38.00 | 44.00 | OK | |
| r-oldrel-windows-x86_64 | 1.0.0 | 4.00 | 45.00 | 49.00 | OK |
Version: 1.0.0
Check: CRAN incoming feasibility
Result: NOTE
Maintainer: ‘Jianzhao Gao and Xiaodan Fan <gaojz@nankai.edu.cn>’
No Authors@R field in DESCRIPTION.
Please add one, modifying
Authors@R: c(person(given = "Jianzhao",
family = "Gao",
role = c("aut", "cre"),
email = "gaojz@nankai.edu.cn"),
person(given = "Linghao",
family = "Shen",
role = "aut"),
person(given = "Xiaodan",
family = "Fan",
role = "aut"))
as necessary.
Flavors: r-devel-linux-x86_64-debian-clang, r-devel-linux-x86_64-debian-gcc
These binaries (installable software) and packages are in development.
They may not be fully stable and should be used with caution. We make no claims about them.