CRAN Package Check Results for Package BPrinStratTTE

Last updated on 2025-02-19 08:50:35 CET.

Flavor Version Tinstall Tcheck Ttotal Status Flags
r-devel-linux-x86_64-debian-clang 0.0.7 232.79 114.05 346.84 NOTE
r-devel-linux-x86_64-debian-gcc 0.0.7 200.30 99.09 299.39 NOTE
r-devel-linux-x86_64-fedora-clang 0.0.7 546.00 NOTE
r-devel-linux-x86_64-fedora-gcc 0.0.7 678.33 NOTE
r-devel-macos-arm64 0.0.7 150.00 OK
r-devel-macos-x86_64 0.0.7 331.00 NOTE
r-devel-windows-x86_64 0.0.7 213.00 143.00 356.00 NOTE
r-patched-linux-x86_64 0.0.7 261.16 126.70 387.86 OK
r-release-linux-x86_64 0.0.7 267.39 127.58 394.97 OK
r-release-macos-arm64 0.0.7 78.00 NOTE
r-release-macos-x86_64 0.0.7 106.00 NOTE
r-release-windows-x86_64 0.0.7 215.00 146.00 361.00 OK
r-oldrel-macos-arm64 0.0.7 150.00 NOTE
r-oldrel-macos-x86_64 0.0.7 246.00 NOTE
r-oldrel-windows-x86_64 0.0.7 286.00 171.00 457.00 OK

Check Details

Version: 0.0.7
Check: DESCRIPTION meta-information
Result: NOTE Missing dependency on R >= 4.1.0 because package code uses the pipe |> or function shorthand \(...) syntax added in R 4.1.0. File(s) using such syntax: ‘sim_dat_one_trial_exp_covar.R’ ‘sim_dat_one_trial_exp_nocovar.R’ Flavors: r-devel-linux-x86_64-debian-clang, r-devel-linux-x86_64-debian-gcc, r-devel-linux-x86_64-fedora-clang, r-devel-linux-x86_64-fedora-gcc, r-devel-macos-x86_64, r-devel-windows-x86_64

Version: 0.0.7
Check: installed package size
Result: NOTE installed size is 52.7Mb sub-directories of 1Mb or more: libs 52.3Mb Flavors: r-release-macos-arm64, r-release-macos-x86_64, r-oldrel-macos-arm64, r-oldrel-macos-x86_64

Version: 0.0.7
Check: for GNU extensions in Makefiles
Result: NOTE GNU make is a SystemRequirements. Flavors: r-release-macos-arm64, r-release-macos-x86_64, r-oldrel-macos-arm64, r-oldrel-macos-x86_64

These binaries (installable software) and packages are in development.
They may not be fully stable and should be used with caution. We make no claims about them.