Last updated on 2025-11-12 11:51:09 CET.
| Flavor | Version | Tinstall | Tcheck | Ttotal | Status | Flags |
|---|---|---|---|---|---|---|
| r-devel-linux-x86_64-debian-clang | 0.0.7 | 217.09 | 131.87 | 348.96 | NOTE | |
| r-devel-linux-x86_64-debian-gcc | 0.0.7 | 200.98 | 113.07 | 314.05 | NOTE | |
| r-devel-linux-x86_64-fedora-clang | 0.0.7 | 482.00 | 74.88 | 556.88 | NOTE | |
| r-devel-linux-x86_64-fedora-gcc | 0.0.7 | 780.00 | -70.52 | 709.48 | NOTE | |
| r-devel-windows-x86_64 | 0.0.7 | 249.00 | 160.00 | 409.00 | NOTE | |
| r-patched-linux-x86_64 | 0.0.7 | 267.52 | 143.84 | 411.36 | NOTE | |
| r-release-linux-x86_64 | 0.0.7 | 256.04 | 145.57 | 401.61 | NOTE | |
| r-release-macos-arm64 | 0.0.7 | 101.00 | 45.00 | 146.00 | NOTE | |
| r-release-macos-x86_64 | 0.0.7 | 213.00 | 118.00 | 331.00 | NOTE | |
| r-release-windows-x86_64 | 0.0.7 | 249.00 | 157.00 | 406.00 | NOTE | |
| r-oldrel-macos-arm64 | 0.0.7 | 47.00 | 31.00 | 78.00 | NOTE | |
| r-oldrel-macos-x86_64 | 0.0.7 | 56.00 | 50.00 | 106.00 | NOTE | |
| r-oldrel-windows-x86_64 | 0.0.7 | 282.00 | 195.00 | 477.00 | OK |
Version: 0.0.7
Check: DESCRIPTION meta-information
Result: NOTE
Missing dependency on R >= 4.1.0 because package code uses the pipe
|> or function shorthand \(...) syntax added in R 4.1.0.
File(s) using such syntax:
‘sim_dat_one_trial_exp_covar.R’ ‘sim_dat_one_trial_exp_nocovar.R’
Flavors: r-devel-linux-x86_64-debian-clang, r-devel-linux-x86_64-debian-gcc, r-devel-linux-x86_64-fedora-clang, r-devel-linux-x86_64-fedora-gcc, r-devel-windows-x86_64, r-patched-linux-x86_64, r-release-linux-x86_64, r-release-macos-arm64, r-release-macos-x86_64, r-release-windows-x86_64
Version: 0.0.7
Check: installed package size
Result: NOTE
installed size is 52.7Mb
sub-directories of 1Mb or more:
libs 52.3Mb
Flavors: r-oldrel-macos-arm64, r-oldrel-macos-x86_64
Version: 0.0.7
Check: for GNU extensions in Makefiles
Result: NOTE
GNU make is a SystemRequirements.
Flavors: r-oldrel-macos-arm64, r-oldrel-macos-x86_64
These binaries (installable software) and packages are in development.
They may not be fully stable and should be used with caution. We make no claims about them.