Last updated on 2025-05-02 08:49:22 CEST.
Flavor | Version | Tinstall | Tcheck | Ttotal | Status | Flags |
---|---|---|---|---|---|---|
r-devel-linux-x86_64-debian-clang | 0.1.0 | 11.08 | 104.49 | 115.57 | NOTE | |
r-devel-linux-x86_64-debian-gcc | 0.1.0 | 7.39 | 72.53 | 79.92 | OK | |
r-devel-linux-x86_64-fedora-clang | 0.1.0 | 175.09 | OK | |||
r-devel-linux-x86_64-fedora-gcc | 0.1.0 | 238.40 | OK | |||
r-devel-windows-x86_64 | 0.1.0 | 12.00 | 114.00 | 126.00 | OK | |
r-patched-linux-x86_64 | 0.1.0 | 10.21 | 98.37 | 108.58 | OK | |
r-release-linux-x86_64 | OK | |||||
r-release-macos-arm64 | 0.1.0 | 71.00 | OK | |||
r-release-macos-x86_64 | 0.1.0 | 121.00 | OK | |||
r-release-windows-x86_64 | 0.1.0 | 13.00 | 114.00 | 127.00 | OK | |
r-oldrel-macos-arm64 | 0.1.0 | 71.00 | OK | |||
r-oldrel-macos-x86_64 | 0.1.0 | 96.00 | OK | |||
r-oldrel-windows-x86_64 | 0.1.0 | 15.00 | 141.00 | 156.00 | OK |
Version: 0.1.0
Check: examples
Result: NOTE
Examples with CPU (user + system) or elapsed time > 5s
user system elapsed
brace 5.011 0.171 6.112
Flavor: r-devel-linux-x86_64-debian-clang
These binaries (installable software) and packages are in development.
They may not be fully stable and should be used with caution. We make no claims about them.