Last updated on 2025-10-23 23:49:24 CEST.
| Flavor | Version | Tinstall | Tcheck | Ttotal | Status | Flags |
|---|---|---|---|---|---|---|
| r-devel-linux-x86_64-debian-clang | 1.0.3 | 3.11 | 61.88 | 64.99 | NOTE | |
| r-devel-linux-x86_64-debian-gcc | 1.0.3 | 2.30 | 45.69 | 47.99 | OK | |
| r-devel-linux-x86_64-fedora-clang | 1.0.3 | 102.32 | OK | |||
| r-devel-linux-x86_64-fedora-gcc | 1.0.3 | 115.08 | OK | |||
| r-devel-windows-x86_64 | 1.0.3 | 6.00 | 90.00 | 96.00 | OK | |
| r-patched-linux-x86_64 | 1.0.3 | 3.35 | 57.26 | 60.61 | OK | |
| r-release-linux-x86_64 | 1.0.3 | 2.77 | 57.16 | 59.93 | OK | |
| r-release-macos-arm64 | 1.0.3 | 2.00 | 34.00 | 36.00 | OK | |
| r-release-macos-x86_64 | 1.0.3 | 4.00 | 105.00 | 109.00 | OK | |
| r-release-windows-x86_64 | 1.0.3 | 6.00 | 91.00 | 97.00 | OK | |
| r-oldrel-macos-arm64 | 1.0.3 | 2.00 | 42.00 | 44.00 | OK | |
| r-oldrel-macos-x86_64 | 1.0.3 | 5.00 | 101.00 | 106.00 | OK | |
| r-oldrel-windows-x86_64 | 1.0.3 | 7.00 | 104.00 | 111.00 | OK |
Version: 1.0.3
Check: HTML version of manual
Result: NOTE
Found the following HTML validation problems:
counts_example.html:59:1 (counts_example.Rd:17): Warning: missing </ul> before </div>
relatedness_example.html:77:1 (relatedness_example.Rd:26): Warning: missing </ul> before </div>
Flavor: r-devel-linux-x86_64-debian-clang
These binaries (installable software) and packages are in development.
They may not be fully stable and should be used with caution. We make no claims about them.