Last updated on 2025-10-03 13:49:27 CEST.
Flavor | Version | Tinstall | Tcheck | Ttotal | Status | Flags |
---|---|---|---|---|---|---|
r-devel-linux-x86_64-debian-clang | 1.0.3 | 2.31 | 104.05 | 106.36 | NOTE | |
r-devel-linux-x86_64-debian-gcc | 1.0.3 | 2.26 | 58.75 | 61.01 | NOTE | |
r-devel-linux-x86_64-fedora-clang | 1.0.3 | 148.67 | OK | |||
r-devel-linux-x86_64-fedora-gcc | 1.0.3 | 159.15 | OK | |||
r-devel-windows-x86_64 | 1.0.3 | 7.00 | 100.00 | 107.00 | OK | |
r-patched-linux-x86_64 | 1.0.3 | 2.68 | 97.77 | 100.45 | OK | |
r-release-linux-x86_64 | 1.0.3 | 2.31 | 82.36 | 84.67 | OK | |
r-release-macos-arm64 | 1.0.3 | 44.00 | OK | |||
r-release-macos-x86_64 | 1.0.3 | 92.00 | OK | |||
r-release-windows-x86_64 | 1.0.3 | 5.00 | 99.00 | 104.00 | OK | |
r-oldrel-macos-arm64 | 1.0.3 | 47.00 | OK | |||
r-oldrel-macos-x86_64 | 1.0.3 | 77.00 | OK | |||
r-oldrel-windows-x86_64 | 1.0.3 | 7.00 | 122.00 | 129.00 | OK |
Version: 1.0.3
Check: CRAN incoming feasibility
Result: NOTE
Maintainer: ‘Andrew McKenzie <amckenz@gmail.com>’
No Authors@R field in DESCRIPTION.
Please add one, modifying
Authors@R: c(person(given = "Andrew",
family = "McKenzie",
role = c("aut", "cre"),
email = "amckenz@gmail.com"),
person(given = "Minghui",
family = "Wang",
role = "aut"),
person(given = "Bin",
family = "Zhang",
role = "aut"))
as necessary.
Flavors: r-devel-linux-x86_64-debian-clang, r-devel-linux-x86_64-debian-gcc
These binaries (installable software) and packages are in development.
They may not be fully stable and should be used with caution. We make no claims about them.