Last updated on 2025-10-03 13:49:27 CEST.
Flavor | Version | Tinstall | Tcheck | Ttotal | Status | Flags |
---|---|---|---|---|---|---|
r-devel-linux-x86_64-debian-clang | 3.2.5 | 38.01 | 122.60 | 160.61 | NOTE | |
r-devel-linux-x86_64-debian-gcc | 3.2.5 | 24.86 | 86.84 | 111.70 | NOTE | |
r-devel-linux-x86_64-fedora-clang | 3.2.5 | 263.42 | OK | |||
r-devel-linux-x86_64-fedora-gcc | 3.2.5 | 245.32 | OK | |||
r-devel-windows-x86_64 | 3.2.5 | 46.00 | 150.00 | 196.00 | NOTE | |
r-patched-linux-x86_64 | 3.2.5 | 37.73 | 116.33 | 154.06 | OK | |
r-release-linux-x86_64 | 3.2.5 | 38.42 | 116.75 | 155.17 | OK | |
r-release-macos-arm64 | 3.2.5 | 70.00 | OK | |||
r-release-macos-x86_64 | 3.2.5 | 120.00 | OK | |||
r-release-windows-x86_64 | 3.2.5 | 46.00 | 148.00 | 194.00 | NOTE | |
r-oldrel-macos-arm64 | 3.2.5 | 68.00 | OK | |||
r-oldrel-macos-x86_64 | 3.2.5 | 102.00 | OK | |||
r-oldrel-windows-x86_64 | 3.2.5 | 56.00 | 186.00 | 242.00 | NOTE |
Version: 3.2.5
Check: CRAN incoming feasibility
Result: NOTE
Maintainer: ‘Leah F. South <l1.south@qut.edu.au>’
The Description field contains
(2018) <arXiv:1809.05800>) is more robust to non-normal summary
statistics. BSLmisspec (Frazier et al. 2019 <arXiv:1904.04551>)
Please refer to arXiv e-prints via their arXiv DOI <doi:10.48550/arXiv.YYMM.NNNNN>.
Flavors: r-devel-linux-x86_64-debian-clang, r-devel-linux-x86_64-debian-gcc
Version: 3.2.5
Check: C++ specification
Result: NOTE
Specified C++11: please drop specification unless essential
Flavors: r-devel-windows-x86_64, r-release-windows-x86_64, r-oldrel-windows-x86_64
These binaries (installable software) and packages are in development.
They may not be fully stable and should be used with caution. We make no claims about them.