CRAN Package Check Results for Package BSPBSS

Last updated on 2025-07-27 03:49:59 CEST.

Flavor Version Tinstall Tcheck Ttotal Status Flags
r-devel-linux-x86_64-debian-clang 1.0.5 36.12 141.97 178.09 NOTE
r-devel-linux-x86_64-debian-gcc 1.0.5 24.39 95.49 119.88 NOTE
r-devel-linux-x86_64-fedora-clang 1.0.5 293.54 NOTE
r-devel-linux-x86_64-fedora-gcc 1.0.5 282.89 NOTE
r-devel-windows-x86_64 1.0.5 43.00 160.00 203.00 NOTE
r-patched-linux-x86_64 1.0.5 33.85 132.24 166.09 NOTE
r-release-linux-x86_64 1.0.5 35.08 130.02 165.10 NOTE
r-release-macos-arm64 1.0.5 101.00 NOTE
r-release-macos-x86_64 1.0.5 162.00 NOTE
r-release-windows-x86_64 1.0.5 41.00 148.00 189.00 NOTE
r-oldrel-macos-arm64 1.0.5 87.00 NOTE
r-oldrel-macos-x86_64 1.0.5 137.00 NOTE
r-oldrel-windows-x86_64 1.0.5 50.00 196.00 246.00 NOTE

Check Details

Version: 1.0.5
Check: C++ specification
Result: NOTE Specified C++11: please drop specification unless essential Flavors: r-devel-linux-x86_64-debian-clang, r-devel-linux-x86_64-debian-gcc, r-devel-linux-x86_64-fedora-clang, r-devel-linux-x86_64-fedora-gcc, r-devel-windows-x86_64, r-patched-linux-x86_64, r-release-linux-x86_64, r-release-macos-arm64, r-release-macos-x86_64, r-release-windows-x86_64, r-oldrel-macos-arm64, r-oldrel-macos-x86_64, r-oldrel-windows-x86_64

Version: 1.0.5
Check: for GNU extensions in Makefiles
Result: NOTE GNU make is a SystemRequirements. Flavors: r-oldrel-macos-arm64, r-oldrel-macos-x86_64, r-oldrel-windows-x86_64

These binaries (installable software) and packages are in development.
They may not be fully stable and should be used with caution. We make no claims about them.