CRAN Package Check Results for Package BSS

Last updated on 2025-02-16 10:50:42 CET.

Flavor Version Tinstall Tcheck Ttotal Status Flags
r-devel-linux-x86_64-debian-clang 0.1.0 2.71 25.18 27.89 OK
r-devel-linux-x86_64-debian-gcc 0.1.0 1.88 19.69 21.57 OK
r-devel-linux-x86_64-fedora-clang 0.1.0 45.92 OK
r-devel-linux-x86_64-fedora-gcc 0.1.0 41.50 OK
r-devel-macos-arm64 0.1.0 19.00 OK
r-devel-macos-x86_64 0.1.0 29.00 OK
r-devel-windows-x86_64 0.1.0 4.00 47.00 51.00 OK
r-patched-linux-x86_64 0.1.0 2.85 23.62 26.47 NOTE
r-release-linux-x86_64 0.1.0 2.29 23.75 26.04 NOTE
r-release-macos-arm64 0.1.0 19.00 NOTE
r-release-macos-x86_64 0.1.0 25.00 NOTE
r-release-windows-x86_64 0.1.0 4.00 59.00 63.00 NOTE
r-oldrel-macos-arm64 0.1.0 20.00 NOTE
r-oldrel-macos-x86_64 0.1.0 26.00 NOTE
r-oldrel-windows-x86_64 0.1.0 5.00 52.00 57.00 NOTE

Check Details

Version: 0.1.0
Check: LazyData
Result: NOTE 'LazyData' is specified without a 'data' directory Flavors: r-patched-linux-x86_64, r-release-linux-x86_64, r-release-macos-arm64, r-release-macos-x86_64, r-release-windows-x86_64, r-oldrel-macos-arm64, r-oldrel-macos-x86_64, r-oldrel-windows-x86_64

These binaries (installable software) and packages are in development.
They may not be fully stable and should be used with caution. We make no claims about them.