CRAN Package Check Results for Package BT

Last updated on 2025-05-08 04:52:00 CEST.

Flavor Version Tinstall Tcheck Ttotal Status Flags
r-devel-linux-x86_64-debian-clang 0.4 3.14 375.97 379.11 NOTE
r-devel-linux-x86_64-debian-gcc 0.4 2.30 274.03 276.33 NOTE
r-devel-linux-x86_64-fedora-clang 0.4 558.67 OK
r-devel-linux-x86_64-fedora-gcc 0.4 703.51 OK
r-devel-windows-x86_64 0.4 4.00 503.00 507.00 NOTE
r-patched-linux-x86_64 0.4 3.65 378.49 382.14 NOTE
r-release-linux-x86_64 0.4 3.00 369.51 372.51 NOTE
r-release-macos-arm64 0.4 212.00 OK
r-release-macos-x86_64 0.4 581.00 OK
r-release-windows-x86_64 0.4 4.00 501.00 505.00 NOTE
r-oldrel-macos-arm64 0.4 193.00 OK
r-oldrel-macos-x86_64 0.4 387.00 OK
r-oldrel-windows-x86_64 0.4 5.00 608.00 613.00 OK

Check Details

Version: 0.4
Check: Rd cross-references
Result: NOTE Found the following Rd file(s) with Rd \link{} targets missing package anchors: BT.Rd: rpart, rpart.control BT_Call.Rd: rpart.control Please provide package anchors for all Rd \link{} targets not in the package itself and the base packages. Flavors: r-devel-linux-x86_64-debian-clang, r-devel-linux-x86_64-debian-gcc, r-devel-windows-x86_64, r-patched-linux-x86_64, r-release-linux-x86_64, r-release-windows-x86_64

These binaries (installable software) and packages are in development.
They may not be fully stable and should be used with caution. We make no claims about them.