Last updated on 2025-10-23 17:50:43 CEST.
Flavor | Version | Tinstall | Tcheck | Ttotal | Status | Flags |
---|---|---|---|---|---|---|
r-devel-linux-x86_64-debian-clang | 0.3.7 | 21.55 | 37.82 | 59.37 | NOTE | |
r-devel-linux-x86_64-debian-gcc | 0.3.7 | 17.00 | 33.98 | 50.98 | NOTE | |
r-devel-linux-x86_64-fedora-clang | 0.3.7 | 35.00 | 62.66 | 97.66 | NOTE | |
r-devel-linux-x86_64-fedora-gcc | 0.3.7 | 52.00 | 47.98 | 99.98 | NOTE | |
r-devel-windows-x86_64 | 0.3.7 | 25.00 | 68.00 | 93.00 | NOTE | |
r-patched-linux-x86_64 | 0.3.7 | 23.51 | 35.17 | 58.68 | NOTE | |
r-release-linux-x86_64 | 0.3.7 | 23.88 | 35.82 | 59.70 | NOTE | |
r-release-macos-arm64 | 0.3.7 | 10.00 | 23.00 | 33.00 | NOTE | |
r-release-macos-x86_64 | 0.3.7 | 12.00 | 40.00 | 52.00 | NOTE | |
r-release-windows-x86_64 | 0.3.7 | 26.00 | 73.00 | 99.00 | NOTE | |
r-oldrel-macos-arm64 | 0.3.7 | 9.00 | 26.00 | 35.00 | NOTE | |
r-oldrel-macos-x86_64 | 0.3.7 | 11.00 | 36.00 | 47.00 | NOTE | |
r-oldrel-windows-x86_64 | 0.3.7 | 30.00 | 84.00 | 114.00 | NOTE |
Version: 0.3.7
Check: Rd files
Result: NOTE
checkRd: (-1) terms.BTM.Rd:23-25: Lost braces in \itemize; \value handles \item{}{} directly
checkRd: (-1) terms.BTM.Rd:26-32: Lost braces in \itemize; \value handles \item{}{} directly
checkRd: (-1) terms.data.frame.Rd:25-31: Lost braces in \itemize; \value handles \item{}{} directly
checkRd: (-1) terms.data.frame.Rd:32-38: Lost braces in \itemize; \value handles \item{}{} directly
Flavors: r-devel-linux-x86_64-debian-clang, r-devel-linux-x86_64-debian-gcc, r-devel-linux-x86_64-fedora-clang, r-devel-linux-x86_64-fedora-gcc, r-devel-windows-x86_64, r-patched-linux-x86_64, r-release-linux-x86_64, r-release-macos-arm64, r-release-macos-x86_64, r-release-windows-x86_64, r-oldrel-macos-arm64, r-oldrel-macos-x86_64, r-oldrel-windows-x86_64
These binaries (installable software) and packages are in development.
They may not be fully stable and should be used with caution. We make no claims about them.