Last updated on 2025-02-16 10:50:42 CET.
Flavor | Version | Tinstall | Tcheck | Ttotal | Status | Flags |
---|---|---|---|---|---|---|
r-devel-linux-x86_64-debian-clang | 2024.11.1 | 10.68 | 84.68 | 95.36 | OK | |
r-devel-linux-x86_64-debian-gcc | 2024.11.1 | 8.61 | 57.77 | 66.38 | OK | |
r-devel-linux-x86_64-fedora-clang | 2024.11.1 | 160.47 | OK | |||
r-devel-linux-x86_64-fedora-gcc | 2024.11.1 | 154.41 | OK | |||
r-devel-macos-arm64 | 2024.11.1 | 51.00 | OK | |||
r-devel-macos-x86_64 | 2024.11.1 | 96.00 | OK | |||
r-devel-windows-x86_64 | 2024.11.1 | 13.00 | 93.00 | 106.00 | OK | |
r-patched-linux-x86_64 | 2024.11.1 | 9.76 | 77.30 | 87.06 | OK | |
r-release-linux-x86_64 | 2024.11.1 | 10.33 | 76.97 | 87.30 | OK | |
r-release-macos-arm64 | 2024.11.1 | 51.00 | NOTE | |||
r-release-macos-x86_64 | 2024.11.1 | 85.00 | NOTE | |||
r-release-windows-x86_64 | 2024.11.1 | 14.00 | 91.00 | 105.00 | NOTE | |
r-oldrel-macos-arm64 | 2024.11.1 | 50.00 | NOTE | |||
r-oldrel-macos-x86_64 | 2024.11.1 | 81.00 | NOTE | |||
r-oldrel-windows-x86_64 | 2024.11.1 | 16.00 | 103.00 | 119.00 | NOTE |
Version: 2024.11.1
Check: installed package size
Result: NOTE
installed size is 5.3Mb
sub-directories of 1Mb or more:
doc 4.9Mb
Flavors: r-release-macos-arm64, r-release-macos-x86_64, r-release-windows-x86_64, r-oldrel-macos-arm64, r-oldrel-macos-x86_64, r-oldrel-windows-x86_64
These binaries (installable software) and packages are in development.
They may not be fully stable and should be used with caution. We make no claims about them.