CRAN Package Check Results for Package BTSPAS

Last updated on 2025-05-08 04:52:00 CEST.

Flavor Version Tinstall Tcheck Ttotal Status Flags
r-devel-linux-x86_64-debian-clang 2024.11.1 11.67 89.33 101.00 OK
r-devel-linux-x86_64-debian-gcc 2024.11.1 7.55 61.35 68.90 OK
r-devel-linux-x86_64-fedora-clang 2024.11.1 153.24 OK
r-devel-linux-x86_64-fedora-gcc 2024.11.1 177.99 OK
r-devel-windows-x86_64 2024.11.1 12.00 95.00 107.00 OK
r-patched-linux-x86_64 2024.11.1 10.54 83.00 93.54 OK
r-release-linux-x86_64 2024.11.1 10.56 84.11 94.67 OK
r-release-macos-arm64 2024.11.1 76.00 OK
r-release-macos-x86_64 2024.11.1 109.00 OK
r-release-windows-x86_64 2024.11.1 13.00 98.00 111.00 OK
r-oldrel-macos-arm64 2024.11.1 51.00 NOTE
r-oldrel-macos-x86_64 2024.11.1 85.00 NOTE
r-oldrel-windows-x86_64 2024.11.1 18.00 119.00 137.00 NOTE

Check Details

Version: 2024.11.1
Check: installed package size
Result: NOTE installed size is 5.3Mb sub-directories of 1Mb or more: doc 4.9Mb Flavors: r-oldrel-macos-arm64, r-oldrel-macos-x86_64, r-oldrel-windows-x86_64

These binaries (installable software) and packages are in development.
They may not be fully stable and should be used with caution. We make no claims about them.