CRAN Package Check Results for Package BTSR

Last updated on 2025-05-01 17:55:58 CEST.

Flavor Version Tinstall Tcheck Ttotal Status Flags
r-devel-linux-x86_64-debian-clang 0.1.5 22.30 35.59 57.89 NOTE
r-devel-linux-x86_64-debian-gcc 0.1.5 14.61 25.81 40.42 NOTE
r-devel-linux-x86_64-fedora-clang 0.1.5 89.42 OK
r-devel-linux-x86_64-fedora-gcc 0.1.5 96.59 OK
r-devel-windows-x86_64 0.1.5 27.00 66.00 93.00 OK
r-patched-linux-x86_64 0.1.5 24.35 33.60 57.95 OK
r-release-linux-x86_64 OK
r-release-macos-arm64 0.1.5 36.00 OK
r-release-macos-x86_64 0.1.5 59.00 OK
r-release-windows-x86_64 0.1.5 27.00 66.00 93.00 OK
r-oldrel-macos-arm64 0.1.5 37.00 OK
r-oldrel-macos-x86_64 0.1.5 48.00 OK
r-oldrel-windows-x86_64 0.1.5 27.00 65.00 92.00 OK

Check Details

Version: 0.1.5
Check: CRAN incoming feasibility
Result: NOTE Maintainer: ‘Taiane Schaedler Prass <taianeprass@gmail.com>’ The Description field contains <doi:10.1111/sjos.12439> and Pumi et al. (2022) <arXiv:2211.02097>. Please refer to arXiv e-prints via their arXiv DOI <doi:10.48550/arXiv.YYMM.NNNNN>. Flavors: r-devel-linux-x86_64-debian-clang, r-devel-linux-x86_64-debian-gcc

These binaries (installable software) and packages are in development.
They may not be fully stable and should be used with caution. We make no claims about them.