CRAN Package Check Results for Package BUCSS

Last updated on 2025-02-16 10:50:42 CET.

Flavor Version Tinstall Tcheck Ttotal Status Flags
r-devel-linux-x86_64-debian-clang 1.2.1 3.17 27.56 30.73 OK
r-devel-linux-x86_64-debian-gcc 1.2.1 2.22 20.89 23.11 OK
r-devel-linux-x86_64-fedora-clang 1.2.1 53.71 OK
r-devel-linux-x86_64-fedora-gcc 1.2.1 47.80 OK
r-devel-macos-arm64 1.2.1 20.00 OK
r-devel-macos-x86_64 1.2.1 35.00 OK
r-devel-windows-x86_64 1.2.1 5.00 50.00 55.00 OK
r-patched-linux-x86_64 1.2.1 3.12 25.76 28.88 NOTE
r-release-linux-x86_64 1.2.1 2.84 26.29 29.13 NOTE
r-release-macos-arm64 1.2.1 23.00 NOTE
r-release-macos-x86_64 1.2.1 27.00 NOTE
r-release-windows-x86_64 1.2.1 4.00 51.00 55.00 NOTE
r-oldrel-macos-arm64 1.2.1 19.00 NOTE
r-oldrel-macos-x86_64 1.2.1 27.00 NOTE
r-oldrel-windows-x86_64 1.2.1 6.00 52.00 58.00 NOTE

Check Details

Version: 1.2.1
Check: LazyData
Result: NOTE 'LazyData' is specified without a 'data' directory Flavors: r-patched-linux-x86_64, r-release-linux-x86_64, r-release-macos-arm64, r-release-macos-x86_64, r-release-windows-x86_64, r-oldrel-macos-arm64, r-oldrel-macos-x86_64, r-oldrel-windows-x86_64

These binaries (installable software) and packages are in development.
They may not be fully stable and should be used with caution. We make no claims about them.