Last updated on 2025-10-23 11:50:08 CEST.
Flavor | Version | Tinstall | Tcheck | Ttotal | Status | Flags |
---|---|---|---|---|---|---|
r-devel-linux-x86_64-debian-clang | 0.0.1 | 7.05 | 59.45 | 66.50 | OK | |
r-devel-linux-x86_64-debian-gcc | 0.0.1 | 4.92 | 42.87 | 47.79 | OK | |
r-devel-linux-x86_64-fedora-clang | 0.0.1 | 15.00 | 88.67 | 103.67 | OK | |
r-devel-linux-x86_64-fedora-gcc | 0.0.1 | 14.00 | 83.30 | 97.30 | OK | |
r-devel-windows-x86_64 | 0.0.1 | 7.00 | 67.00 | 74.00 | OK | |
r-patched-linux-x86_64 | 0.0.1 | 5.62 | 57.62 | 63.24 | OK | |
r-release-linux-x86_64 | 0.0.1 | 5.58 | 56.02 | 61.60 | OK | |
r-release-macos-arm64 | 0.0.1 | 2.00 | 24.00 | 26.00 | OK | |
r-release-macos-x86_64 | 0.0.1 | 5.00 | 53.00 | 58.00 | OK | |
r-release-windows-x86_64 | 0.0.1 | 9.00 | 69.00 | 78.00 | OK | |
r-oldrel-macos-arm64 | 0.0.1 | 2.00 | 23.00 | 25.00 | NOTE | |
r-oldrel-macos-x86_64 | 0.0.1 | 4.00 | 40.00 | 44.00 | NOTE | |
r-oldrel-windows-x86_64 | 0.0.1 | 11.00 | 85.00 | 96.00 | NOTE |
Version: 0.0.1
Check: LazyData
Result: NOTE
'LazyData' is specified without a 'data' directory
Flavors: r-oldrel-macos-arm64, r-oldrel-macos-x86_64, r-oldrel-windows-x86_64
These binaries (installable software) and packages are in development.
They may not be fully stable and should be used with caution. We make no claims about them.