Last updated on 2025-02-16 10:50:42 CET.
Flavor | Version | Tinstall | Tcheck | Ttotal | Status | Flags |
---|---|---|---|---|---|---|
r-devel-linux-x86_64-debian-clang | 0.0.1 | 4.71 | 43.95 | 48.66 | OK | |
r-devel-linux-x86_64-debian-gcc | 0.0.1 | 4.31 | 30.80 | 35.11 | OK | |
r-devel-linux-x86_64-fedora-clang | 0.0.1 | 80.45 | OK | |||
r-devel-linux-x86_64-fedora-gcc | 0.0.1 | 71.77 | OK | |||
r-devel-macos-arm64 | 0.0.1 | 27.00 | OK | |||
r-devel-macos-x86_64 | 0.0.1 | 58.00 | OK | |||
r-devel-windows-x86_64 | 0.0.1 | 8.00 | 59.00 | 67.00 | OK | |
r-patched-linux-x86_64 | 0.0.1 | 4.61 | 39.94 | 44.55 | NOTE | |
r-release-linux-x86_64 | 0.0.1 | 4.81 | 40.39 | 45.20 | NOTE | |
r-release-macos-arm64 | 0.0.1 | 25.00 | NOTE | |||
r-release-macos-x86_64 | 0.0.1 | 44.00 | NOTE | |||
r-release-windows-x86_64 | 0.0.1 | 6.00 | 57.00 | 63.00 | NOTE | |
r-oldrel-macos-arm64 | 0.0.1 | 25.00 | NOTE | |||
r-oldrel-macos-x86_64 | 0.0.1 | 39.00 | NOTE | |||
r-oldrel-windows-x86_64 | 0.0.1 | 10.00 | 87.00 | 97.00 | NOTE |
Version: 0.0.1
Check: LazyData
Result: NOTE
'LazyData' is specified without a 'data' directory
Flavors: r-patched-linux-x86_64, r-release-linux-x86_64, r-release-macos-arm64, r-release-macos-x86_64, r-release-windows-x86_64, r-oldrel-macos-arm64, r-oldrel-macos-x86_64, r-oldrel-windows-x86_64
These binaries (installable software) and packages are in development.
They may not be fully stable and should be used with caution. We make no claims about them.