Last updated on 2025-05-01 10:50:05 CEST.
Flavor | Version | Tinstall | Tcheck | Ttotal | Status | Flags |
---|---|---|---|---|---|---|
r-devel-linux-x86_64-debian-clang | 1.1.9 | 61.14 | 34.40 | 95.54 | NOTE | |
r-devel-linux-x86_64-debian-gcc | 1.1.9 | 49.23 | 28.82 | 78.05 | NOTE | |
r-devel-linux-x86_64-fedora-clang | 1.1.9 | 154.53 | NOTE | |||
r-devel-linux-x86_64-fedora-gcc | 1.1.9 | 197.53 | NOTE | |||
r-devel-windows-x86_64 | 1.1.9 | 64.00 | 85.00 | 149.00 | NOTE | |
r-patched-linux-x86_64 | 1.1.9 | 71.16 | 36.95 | 108.11 | NOTE | |
r-release-linux-x86_64 | NOTE | |||||
r-release-macos-arm64 | 1.1.9 | 51.00 | NOTE | |||
r-release-macos-x86_64 | 1.1.9 | 97.00 | NOTE | |||
r-release-windows-x86_64 | 1.1.9 | 64.00 | 83.00 | 147.00 | NOTE | |
r-oldrel-macos-arm64 | 1.1.9 | 47.00 | NOTE | |||
r-oldrel-macos-x86_64 | 1.1.9 | 64.00 | NOTE | |||
r-oldrel-windows-x86_64 | 1.1.9 | 73.00 | 113.00 | 186.00 | NOTE |
Version: 1.1.9
Check: CRAN incoming feasibility
Result: NOTE
Maintainer: ‘Amir Nikooienejad <amir.nikooienejad@gmail.com>’
No Authors@R field in DESCRIPTION.
Please add one, modifying
Authors@R: c(person(given = "Amir",
family = "Nikooienejad",
role = c("aut", "cre"),
email = "amir.nikooienejad@gmail.com"),
person(given = c("Valen", "E."),
family = "Johnson",
role = "ths"))
as necessary.
Flavors: r-devel-linux-x86_64-debian-clang, r-devel-linux-x86_64-debian-gcc
Version: 1.1.9
Check: C++ specification
Result: NOTE
Specified C++11: please drop specification unless essential
Flavors: r-devel-linux-x86_64-debian-clang, r-devel-linux-x86_64-debian-gcc, r-devel-linux-x86_64-fedora-clang, r-devel-linux-x86_64-fedora-gcc, r-devel-windows-x86_64, r-patched-linux-x86_64, r-release-linux-x86_64, r-release-macos-arm64, r-release-macos-x86_64, r-release-windows-x86_64, r-oldrel-macos-arm64, r-oldrel-macos-x86_64, r-oldrel-windows-x86_64
Version: 1.1.9
Check: package dependencies
Result: NOTE
Package suggested but not available for checking: ‘doMPI’
Flavors: r-oldrel-macos-arm64, r-oldrel-macos-x86_64
Version: 1.1.9
Check: installed package size
Result: NOTE
installed size is 20.2Mb
sub-directories of 1Mb or more:
libs 20.0Mb
Flavors: r-oldrel-macos-arm64, r-oldrel-macos-x86_64
Version: 1.1.9
Check: LazyData
Result: NOTE
'LazyData' is specified without a 'data' directory
Flavors: r-oldrel-macos-arm64, r-oldrel-macos-x86_64, r-oldrel-windows-x86_64
These binaries (installable software) and packages are in development.
They may not be fully stable and should be used with caution. We make no claims about them.