Last updated on 2025-05-01 14:49:04 CEST.
Flavor | Version | Tinstall | Tcheck | Ttotal | Status | Flags |
---|---|---|---|---|---|---|
r-devel-linux-x86_64-debian-clang | 1.0.3 | 12.48 | 88.86 | 101.34 | NOTE | |
r-devel-linux-x86_64-debian-gcc | 1.0.3 | 8.60 | 64.36 | 72.96 | NOTE | |
r-devel-linux-x86_64-fedora-clang | 1.0.3 | 157.88 | OK | |||
r-devel-linux-x86_64-fedora-gcc | 1.0.3 | 157.86 | OK | |||
r-devel-windows-x86_64 | 1.0.3 | 12.00 | 98.00 | 110.00 | OK | |
r-patched-linux-x86_64 | 1.0.3 | 11.49 | 82.58 | 94.07 | OK | |
r-release-linux-x86_64 | OK | |||||
r-release-macos-arm64 | 1.0.3 | 51.00 | OK | |||
r-release-macos-x86_64 | 1.0.3 | 80.00 | OK | |||
r-release-windows-x86_64 | 1.0.3 | 13.00 | 99.00 | 112.00 | OK | |
r-oldrel-macos-arm64 | 1.0.3 | 45.00 | OK | |||
r-oldrel-macos-x86_64 | 1.0.3 | 64.00 | OK | |||
r-oldrel-windows-x86_64 | 1.0.3 | 16.00 | 125.00 | 141.00 | OK |
Version: 1.0.3
Check: CRAN incoming feasibility
Result: NOTE
Maintainer: ‘Jeff Gill <jgill5402@mac.com>’
No Authors@R field in DESCRIPTION.
Please add one, modifying
Authors@R: c(person(given = "Jonathan",
family = "Homola",
role = "aut"),
person(given = "Danielle",
family = "Korman",
role = "aut"),
person(given = "Jacob",
family = "Metz",
role = "aut"),
person(given = "Miguel",
family = "Pereira",
role = "aut"),
person(given = "Mauricio",
family = "Vela",
role = "aut"),
person(given = "Jeff",
family = "Gill",
role = c("aut", "cre"),
email = "jgill5402@mac.com"))
as necessary.
Flavors: r-devel-linux-x86_64-debian-clang, r-devel-linux-x86_64-debian-gcc
These binaries (installable software) and packages are in development.
They may not be fully stable and should be used with caution. We make no claims about them.