CRAN Package Check Results for Package BalanceCheck

Last updated on 2025-10-03 11:50:35 CEST.

Flavor Version Tinstall Tcheck Ttotal Status Flags
r-devel-linux-x86_64-debian-clang 0.2 2.96 27.17 30.13 NOTE
r-devel-linux-x86_64-debian-gcc 0.2 2.10 21.41 23.51 NOTE
r-devel-linux-x86_64-fedora-clang 0.2 45.21 OK
r-devel-linux-x86_64-fedora-gcc 0.2 41.94 OK
r-devel-windows-x86_64 0.2 4.00 46.00 50.00 OK
r-patched-linux-x86_64 0.2 2.55 25.97 28.52 OK
r-release-linux-x86_64 0.2 2.89 26.03 28.92 OK
r-release-macos-arm64 0.2 22.00 OK
r-release-macos-x86_64 0.2 40.00 OK
r-release-windows-x86_64 0.2 4.00 46.00 50.00 OK
r-oldrel-macos-arm64 0.2 19.00 OK
r-oldrel-macos-x86_64 0.2 30.00 OK
r-oldrel-windows-x86_64 0.2 5.00 53.00 58.00 OK

Check Details

Version: 0.2
Check: CRAN incoming feasibility
Result: NOTE Maintainer: ‘Hao Chen <hxchen@ucdavis.edu>’ No Authors@R field in DESCRIPTION. Please add one, modifying Authors@R: c(person(given = "Hao", family = "Chen", role = c("aut", "cre"), email = "hxchen@ucdavis.edu"), person(given = "Dylan", family = "Small", role = "aut")) as necessary. Flavors: r-devel-linux-x86_64-debian-clang, r-devel-linux-x86_64-debian-gcc

These binaries (installable software) and packages are in development.
They may not be fully stable and should be used with caution. We make no claims about them.