CRAN Package Check Results for Package BarBorGradient

Last updated on 2025-11-11 17:49:52 CET.

Flavor Version Tinstall Tcheck Ttotal Status Flags
r-devel-linux-x86_64-debian-clang 1.0.5 1.90 20.13 22.03 NOTE
r-devel-linux-x86_64-debian-gcc 1.0.5 1.48 16.40 17.88 NOTE
r-devel-linux-x86_64-fedora-clang 1.0.5 33.43 OK
r-devel-linux-x86_64-fedora-gcc 1.0.5 30.90 OK
r-devel-windows-x86_64 1.0.5 4.00 38.00 42.00 OK
r-patched-linux-x86_64 1.0.5 1.64 18.91 20.55 OK
r-release-linux-x86_64 1.0.5 1.66 19.01 20.67 OK
r-release-macos-arm64 1.0.5 1.00 15.00 16.00 OK
r-release-macos-x86_64 1.0.5 2.00 22.00 24.00 OK
r-release-windows-x86_64 1.0.5 3.00 38.00 41.00 OK
r-oldrel-macos-arm64 1.0.5 1.00 18.00 19.00 NOTE
r-oldrel-macos-x86_64 1.0.5 2.00 19.00 21.00 NOTE
r-oldrel-windows-x86_64 1.0.5 3.00 38.00 41.00 NOTE

Check Details

Version: 1.0.5
Check: CRAN incoming feasibility
Result: NOTE Maintainer: ‘János Hevner <hevnerjanos@hotmail.com>’ No Authors@R field in DESCRIPTION. Please add one, modifying Authors@R: person(given = "János", family = "Hevner", role = c("aut", "cre"), email = "hevnerjanos@hotmail.com") as necessary. Flavors: r-devel-linux-x86_64-debian-clang, r-devel-linux-x86_64-debian-gcc

Version: 1.0.5
Check: LazyData
Result: NOTE 'LazyData' is specified without a 'data' directory Flavors: r-oldrel-macos-arm64, r-oldrel-macos-x86_64, r-oldrel-windows-x86_64

These binaries (installable software) and packages are in development.
They may not be fully stable and should be used with caution. We make no claims about them.