CRAN Package Check Results for Package BarcodingR

Last updated on 2025-05-22 03:50:30 CEST.

Flavor Version Tinstall Tcheck Ttotal Status Flags
r-devel-linux-x86_64-debian-clang 1.0-3 5.74 52.42 58.16 NOTE
r-devel-linux-x86_64-debian-gcc 1.0-3 4.37 37.44 41.81 NOTE
r-devel-linux-x86_64-fedora-clang 1.0-3 93.78 NOTE
r-devel-linux-x86_64-fedora-gcc 1.0-3 89.71 NOTE
r-devel-windows-x86_64 1.0-3 7.00 74.00 81.00 NOTE
r-patched-linux-x86_64 1.0-3 6.62 49.74 56.36 NOTE
r-release-linux-x86_64 1.0-3 6.32 49.81 56.13 NOTE
r-release-macos-arm64 1.0-3 30.00 NOTE
r-release-macos-x86_64 1.0-3 55.00 NOTE
r-release-windows-x86_64 1.0-3 8.00 74.00 82.00 NOTE
r-oldrel-macos-arm64 1.0-3 30.00 NOTE
r-oldrel-macos-x86_64 1.0-3 42.00 NOTE
r-oldrel-windows-x86_64 1.0-3 10.00 84.00 94.00 NOTE

Check Details

Version: 1.0-3
Check: Rd files
Result: NOTE checkRd: (-1) barcoding.spe.identify2.Rd:27: Lost braces; missing escapes or markup? 27 | read.dna() from package {ape} was used to obtain DNAbin object for unaligned non-coding barcodes. | ^ Flavors: r-devel-linux-x86_64-debian-clang, r-devel-linux-x86_64-debian-gcc, r-devel-linux-x86_64-fedora-clang, r-devel-linux-x86_64-fedora-gcc, r-devel-windows-x86_64, r-patched-linux-x86_64, r-release-linux-x86_64, r-release-macos-arm64, r-release-macos-x86_64, r-release-windows-x86_64, r-oldrel-macos-arm64, r-oldrel-macos-x86_64, r-oldrel-windows-x86_64

These binaries (installable software) and packages are in development.
They may not be fully stable and should be used with caution. We make no claims about them.