Last updated on 2025-05-08 04:51:59 CEST.
Flavor | Version | Tinstall | Tcheck | Ttotal | Status | Flags |
---|---|---|---|---|---|---|
r-devel-linux-x86_64-debian-clang | 1.0.0 | 9.06 | 247.76 | 256.82 | OK | |
r-devel-linux-x86_64-debian-gcc | 1.0.0 | 6.59 | 163.37 | 169.96 | OK | |
r-devel-linux-x86_64-fedora-clang | 1.0.0 | 449.25 | OK | |||
r-devel-linux-x86_64-fedora-gcc | 1.0.0 | 439.16 | OK | |||
r-devel-windows-x86_64 | 1.0.0 | 10.00 | 242.00 | 252.00 | OK | |
r-patched-linux-x86_64 | 1.0.0 | 10.34 | 226.29 | 236.63 | OK | |
r-release-linux-x86_64 | 1.0.0 | 8.98 | 228.65 | 237.63 | OK | |
r-release-macos-arm64 | 1.0.0 | 106.00 | OK | |||
r-release-macos-x86_64 | 1.0.0 | 268.00 | OK | |||
r-release-windows-x86_64 | 1.0.0 | 11.00 | 245.00 | 256.00 | OK | |
r-oldrel-macos-arm64 | 1.0.0 | 63.00 | NOTE | |||
r-oldrel-macos-x86_64 | 1.0.0 | 234.00 | OK | |||
r-oldrel-windows-x86_64 | 1.0.0 | 14.00 | 317.00 | 331.00 | OK |
Version: 1.0.0
Check: package dependencies
Result: NOTE
Package suggested but not available for checking: ‘reactome.db’
Flavor: r-oldrel-macos-arm64
These binaries (installable software) and packages are in development.
They may not be fully stable and should be used with caution. We make no claims about them.