Last updated on 2025-10-03 05:53:25 CEST.
Flavor | Version | Tinstall | Tcheck | Ttotal | Status | Flags |
---|---|---|---|---|---|---|
r-devel-linux-x86_64-debian-clang | 1.0.0 | 9.64 | 245.08 | 254.72 | OK | |
r-devel-linux-x86_64-debian-gcc | 1.0.0 | 5.36 | 160.16 | 165.52 | OK | |
r-devel-linux-x86_64-fedora-clang | 1.0.0 | 403.64 | OK | |||
r-devel-linux-x86_64-fedora-gcc | 1.0.0 | 417.53 | OK | |||
r-devel-windows-x86_64 | 1.0.0 | 13.00 | 238.00 | 251.00 | OK | |
r-patched-linux-x86_64 | 1.0.0 | 10.98 | 229.72 | 240.70 | OK | |
r-release-linux-x86_64 | 1.0.0 | 8.39 | 227.26 | 235.65 | OK | |
r-release-macos-arm64 | 1.0.0 | 106.00 | OK | |||
r-release-macos-x86_64 | 1.0.0 | 268.00 | OK | |||
r-release-windows-x86_64 | 1.0.0 | 12.00 | 240.00 | 252.00 | OK | |
r-oldrel-macos-arm64 | 1.0.0 | 63.00 | NOTE | |||
r-oldrel-macos-x86_64 | 1.0.0 | 234.00 | OK | |||
r-oldrel-windows-x86_64 | 1.0.0 | 16.00 | 315.00 | 331.00 | OK |
Version: 1.0.0
Check: package dependencies
Result: NOTE
Package suggested but not available for checking: ‘reactome.db’
Flavor: r-oldrel-macos-arm64
These binaries (installable software) and packages are in development.
They may not be fully stable and should be used with caution. We make no claims about them.