Last updated on 2025-05-01 12:49:23 CEST.
Flavor | Version | Tinstall | Tcheck | Ttotal | Status | Flags |
---|---|---|---|---|---|---|
r-devel-linux-x86_64-debian-clang | 1.4.3 | 6.64 | 125.09 | 131.73 | NOTE | |
r-devel-linux-x86_64-debian-gcc | 1.4.3 | 3.92 | 112.62 | 116.54 | NOTE | |
r-devel-linux-x86_64-fedora-clang | 1.4.3 | 186.79 | NOTE | |||
r-devel-linux-x86_64-fedora-gcc | 1.4.3 | 189.44 | NOTE | |||
r-devel-windows-x86_64 | 1.4.3 | 7.00 | 136.00 | 143.00 | NOTE | |
r-patched-linux-x86_64 | 1.4.3 | 6.50 | 120.79 | 127.29 | NOTE | |
r-release-linux-x86_64 | NOTE | |||||
r-release-macos-arm64 | 1.4.3 | 90.00 | NOTE | |||
r-release-macos-x86_64 | 1.4.3 | 133.00 | NOTE | |||
r-release-windows-x86_64 | 1.4.3 | 8.00 | 137.00 | 145.00 | NOTE | |
r-oldrel-macos-arm64 | 1.4.3 | 67.00 | NOTE | |||
r-oldrel-macos-x86_64 | 1.4.3 | 88.00 | NOTE | |||
r-oldrel-windows-x86_64 | 1.4.3 | 9.00 | 177.00 | 186.00 | NOTE |
Version: 1.4.3
Check: CRAN incoming feasibility
Result: NOTE
Maintainer: ‘Michel Lang <michellang@gmail.com>’
No Authors@R field in DESCRIPTION.
Please add one, modifying
Authors@R: c(person(given = "Bernd",
family = "Bischl",
role = "aut",
email = "bernd_bischl@gmx.net"),
person(given = "Michel",
family = "Lang",
role = c("aut", "cre"),
email = "michellang@gmail.com"),
person(given = "Olaf",
family = "Mersmann",
role = "aut",
email = "olafm@p-value.net"))
as necessary.
Package CITATION file contains call(s) to old-style personList() or
as.personList(). Please use c() on person objects instead.
Package CITATION file contains call(s) to old-style citEntry(). Please
use bibentry() instead.
Flavors: r-devel-linux-x86_64-debian-clang, r-devel-linux-x86_64-debian-gcc
Version: 1.4.3
Check: Rd files
Result: NOTE
checkRd: (-1) ExperimentJob.Rd:14: Lost braces
14 | \item{\code{algo.id} [\code{character(1)}]:}{algo.id}{Algorithm ID.}
| ^
checkRd: (-1) getAlgorithmIds.Rd:13: Lost braces
13 | \item{ids}{[code{integer}]\cr
| ^
checkRd: (-1) getProblemIds.Rd:13: Lost braces
13 | \item{ids}{[code{integer}]\cr
| ^
checkRd: (-1) makeExperimentRegistry.Rd:28: Lost braces
28 | Default is dQuote{<name of registry>_files} in current working directory.}
| ^
Flavors: r-devel-linux-x86_64-debian-clang, r-devel-linux-x86_64-debian-gcc, r-devel-linux-x86_64-fedora-clang, r-devel-linux-x86_64-fedora-gcc, r-devel-windows-x86_64, r-patched-linux-x86_64, r-release-linux-x86_64, r-release-macos-arm64, r-release-macos-x86_64, r-release-windows-x86_64, r-oldrel-macos-arm64, r-oldrel-macos-x86_64, r-oldrel-windows-x86_64
Version: 1.4.3
Check: Rd cross-references
Result: NOTE
Found the following Rd file(s) with Rd \link{} targets missing package
anchors:
getExperimentParts.Rd: Job
reduceResultsExperimentsParallel.Rd: batchMapQuick
Please provide package anchors for all Rd \link{} targets not in the
package itself and the base packages.
Flavors: r-devel-linux-x86_64-debian-clang, r-devel-linux-x86_64-debian-gcc, r-devel-windows-x86_64, r-patched-linux-x86_64, r-release-linux-x86_64, r-release-windows-x86_64
Version: 1.4.3
Check: examples
Result: NOTE
Examples with CPU (user + system) or elapsed time > 5s
user system elapsed
addExperiments 7.788 0.229 10.352
getResultVars 7.819 0.048 11.073
getIndex 5.234 0.038 6.660
Flavor: r-devel-linux-x86_64-debian-clang
Version: 1.4.3
Check: examples
Result: NA
user system elapsed
getResultVars 8.557 0.050 11.280
addExperiments 8.132 0.154 10.160
getIndex 5.703 0.085 7.672
OK
Flavor: r-devel-linux-x86_64-debian-gcc
These binaries (installable software) and packages are in development.
They may not be fully stable and should be used with caution. We make no claims about them.