CRAN Package Check Results for Package BayesBinMix

Last updated on 2025-02-16 12:53:29 CET.

Flavor Version Tinstall Tcheck Ttotal Status Flags
r-devel-linux-x86_64-debian-clang 1.4.1 4.54 30.49 35.03 NOTE
r-devel-linux-x86_64-debian-gcc 1.4.1 3.43 21.75 25.18 NOTE
r-devel-linux-x86_64-fedora-clang 1.4.1 62.28 NOTE
r-devel-linux-x86_64-fedora-gcc 1.4.1 54.86 NOTE
r-devel-macos-arm64 1.4.1 23.00 NOTE
r-devel-macos-x86_64 1.4.1 34.00 NOTE
r-devel-windows-x86_64 1.4.1 6.00 50.00 56.00 NOTE
r-patched-linux-x86_64 1.4.1 5.50 29.73 35.23 NOTE
r-release-linux-x86_64 1.4.1 4.92 29.35 34.27 NOTE
r-release-macos-arm64 1.4.1 22.00 NOTE
r-release-macos-x86_64 1.4.1 28.00 NOTE
r-release-windows-x86_64 1.4.1 6.00 54.00 60.00 NOTE
r-oldrel-macos-arm64 1.4.1 22.00 OK
r-oldrel-macos-x86_64 1.4.1 28.00 OK
r-oldrel-windows-x86_64 1.4.1 8.00 72.00 80.00 OK

Check Details

Version: 1.4.1
Check: Rd files
Result: NOTE checkRd: (-1) coupledMetropolis.Rd:83-85: Lost braces in \itemize; meant \describe ? checkRd: (-1) coupledMetropolis.Rd:86-88: Lost braces in \itemize; meant \describe ? checkRd: (-1) coupledMetropolis.Rd:89-91: Lost braces in \itemize; meant \describe ? checkRd: (-1) coupledMetropolis.Rd:92-94: Lost braces in \itemize; meant \describe ? checkRd: (-1) coupledMetropolis.Rd:95-97: Lost braces in \itemize; meant \describe ? checkRd: (-1) coupledMetropolis.Rd:98-100: Lost braces in \itemize; meant \describe ? checkRd: (-1) coupledMetropolis.Rd:101-103: Lost braces in \itemize; meant \describe ? checkRd: (-1) coupledMetropolis.Rd:104-106: Lost braces in \itemize; meant \describe ? checkRd: (-1) coupledMetropolis.Rd:107-109: Lost braces in \itemize; meant \describe ? checkRd: (-1) coupledMetropolis.Rd:110-112: Lost braces in \itemize; meant \describe ? checkRd: (-1) coupledMetropolis.Rd:113-115: Lost braces in \itemize; meant \describe ? checkRd: (-1) coupledMetropolis.Rd:116-118: Lost braces in \itemize; meant \describe ? checkRd: (-1) coupledMetropolis.Rd:119-121: Lost braces in \itemize; meant \describe ? checkRd: (-1) coupledMetropolis.Rd:122-124: Lost braces in \itemize; meant \describe ? checkRd: (-1) coupledMetropolis.Rd:125-127: Lost braces in \itemize; meant \describe ? Flavors: r-devel-linux-x86_64-debian-clang, r-devel-linux-x86_64-debian-gcc, r-devel-linux-x86_64-fedora-clang, r-devel-linux-x86_64-fedora-gcc, r-devel-macos-arm64, r-devel-macos-x86_64, r-devel-windows-x86_64, r-patched-linux-x86_64, r-release-linux-x86_64, r-release-macos-arm64, r-release-macos-x86_64, r-release-windows-x86_64

These binaries (installable software) and packages are in development.
They may not be fully stable and should be used with caution. We make no claims about them.