Last updated on 2025-07-26 03:49:45 CEST.
Flavor | Version | Tinstall | Tcheck | Ttotal | Status | Flags |
---|---|---|---|---|---|---|
r-devel-linux-x86_64-debian-clang | 0.1.3 | 19.24 | 132.47 | 151.71 | OK | |
r-devel-linux-x86_64-debian-gcc | 0.1.3 | 11.74 | 89.65 | 101.39 | OK | |
r-devel-linux-x86_64-fedora-clang | 0.1.3 | 232.77 | OK | |||
r-devel-linux-x86_64-fedora-gcc | 0.1.3 | 226.98 | OK | |||
r-devel-windows-x86_64 | 0.1.3 | 19.00 | 130.00 | 149.00 | OK | |
r-patched-linux-x86_64 | 0.1.3 | 20.48 | 122.65 | 143.13 | OK | |
r-release-linux-x86_64 | 0.1.3 | 18.38 | 122.14 | 140.52 | OK | |
r-release-macos-arm64 | 0.1.3 | 58.00 | OK | |||
r-release-macos-x86_64 | 0.1.3 | 107.00 | OK | |||
r-release-windows-x86_64 | 0.1.3 | 19.00 | 129.00 | 148.00 | OK | |
r-oldrel-macos-arm64 | 0.1.3 | 59.00 | NOTE | |||
r-oldrel-macos-x86_64 | 0.1.3 | 113.00 | NOTE | |||
r-oldrel-windows-x86_64 | 0.1.3 | 26.00 | 166.00 | 192.00 | OK |
Version: 0.1.3
Check: package dependencies
Result: NOTE
Package suggested but not available for checking: ‘INLA’
Flavors: r-oldrel-macos-arm64, r-oldrel-macos-x86_64
These binaries (installable software) and packages are in development.
They may not be fully stable and should be used with caution. We make no claims about them.