Last updated on 2025-05-01 14:49:04 CEST.
Flavor | Version | Tinstall | Tcheck | Ttotal | Status | Flags |
---|---|---|---|---|---|---|
r-devel-linux-x86_64-debian-clang | 0.6.1 | 11.00 | 70.21 | 81.21 | NOTE | |
r-devel-linux-x86_64-debian-gcc | 0.6.1 | 8.77 | 44.25 | 53.02 | OK | |
r-devel-linux-x86_64-fedora-clang | 0.6.1 | 134.50 | OK | |||
r-devel-linux-x86_64-fedora-gcc | 0.6.1 | 137.52 | OK | |||
r-devel-windows-x86_64 | 0.6.1 | 13.00 | 76.00 | 89.00 | OK | |
r-patched-linux-x86_64 | 0.6.1 | 13.01 | 66.31 | 79.32 | OK | |
r-release-linux-x86_64 | OK | |||||
r-release-macos-arm64 | 0.6.1 | 41.00 | OK | |||
r-release-macos-x86_64 | 0.6.1 | 64.00 | OK | |||
r-release-windows-x86_64 | 0.6.1 | 13.00 | 77.00 | 90.00 | OK | |
r-oldrel-macos-arm64 | 0.6.1 | 34.00 | OK | |||
r-oldrel-macos-x86_64 | 0.6.1 | 51.00 | OK | |||
r-oldrel-windows-x86_64 | 0.6.1 | 17.00 | 91.00 | 108.00 | OK |
Version: 0.6.1
Check: examples
Result: NOTE
Examples with CPU (user + system) or elapsed time > 5s
user system elapsed
plot.bayes_ctd_array 3.286 0.05 5.397
Flavor: r-devel-linux-x86_64-debian-clang
These binaries (installable software) and packages are in development.
They may not be fully stable and should be used with caution. We make no claims about them.