CRAN Package Check Results for Package BayesChange

Last updated on 2025-02-21 15:51:43 CET.

Flavor Version Tinstall Tcheck Ttotal Status Flags
r-devel-linux-x86_64-debian-clang 1.1.1 46.02 41.20 87.22 OK
r-devel-linux-x86_64-debian-gcc 1.1.1 32.35 30.27 62.62 OK
r-devel-linux-x86_64-fedora-clang 1.1.2 143.65 OK
r-devel-linux-x86_64-fedora-gcc 1.1.2 159.70 OK
r-devel-macos-arm64 1.1.0 OK
r-devel-macos-x86_64 1.1.2 169.00 OK
r-devel-windows-x86_64 1.1.1 42.00 98.00 140.00 OK
r-patched-linux-x86_64 1.1.1 45.71 37.85 83.56 OK
r-release-linux-x86_64 1.1.1 43.22 38.08 81.30 OK
r-release-macos-arm64 1.1.0 ERROR
r-release-macos-x86_64 1.1.2 173.00 NOTE
r-release-windows-x86_64 1.1.1 45.00 91.00 136.00 OK
r-oldrel-macos-x86_64 1.1.2 149.00 NOTE
r-oldrel-windows-x86_64 1.1.1 52.00 128.00 180.00 OK

Check Details

Version: 1.1.0
Check: whether package can be installed
Result: ERROR Installation failed. Flavor: r-release-macos-arm64

Version: 1.1.2
Check: installed package size
Result: NOTE installed size is 6.9Mb sub-directories of 1Mb or more: libs 6.8Mb Flavors: r-release-macos-x86_64, r-oldrel-macos-x86_64

These binaries (installable software) and packages are in development.
They may not be fully stable and should be used with caution. We make no claims about them.