Last updated on 2025-11-12 23:50:38 CET.
| Flavor | Version | Tinstall | Tcheck | Ttotal | Status | Flags |
|---|---|---|---|---|---|---|
| r-devel-linux-x86_64-debian-clang | 2.1.2 | 46.41 | 126.27 | 172.68 | OK | |
| r-devel-linux-x86_64-debian-gcc | 2.1.3 | 28.19 | 88.05 | 116.24 | OK | |
| r-devel-linux-x86_64-fedora-clang | 2.1.3 | 87.00 | 172.33 | 259.33 | OK | |
| r-devel-linux-x86_64-fedora-gcc | 2.1.3 | 69.00 | 181.58 | 250.58 | OK | |
| r-devel-windows-x86_64 | 2.1.2 | 46.00 | 180.00 | 226.00 | OK | |
| r-patched-linux-x86_64 | 2.1.3 | 41.83 | 95.32 | 137.15 | ERROR | |
| r-release-linux-x86_64 | 2.1.2 | 44.31 | 100.18 | 144.49 | OK | |
| r-release-macos-arm64 | 2.1.3 | 22.00 | 89.00 | 111.00 | OK | |
| r-release-macos-x86_64 | 2.1.3 | 44.00 | 140.00 | 184.00 | OK | |
| r-release-windows-x86_64 | 2.1.3 | 58.00 | 190.00 | 248.00 | OK | |
| r-oldrel-macos-arm64 | 2.1.3 | 19.00 | 65.00 | 84.00 | NOTE | |
| r-oldrel-macos-x86_64 | 2.1.3 | 41.00 | 150.00 | 191.00 | NOTE | |
| r-oldrel-windows-x86_64 | 2.1.3 | 59.00 | 187.00 | 246.00 | OK |
Version: 2.1.3
Check: tests
Result: ERROR
Running ‘testthat.R’ [1s/2s]
Running the tests in ‘tests/testthat.R’ failed.
Complete output:
> # This file is part of the standard setup for testthat.
> # It is recommended that you do not modify it.
> #
> # Where should you do additional test configuration?
> # Learn more about the roles of various files in:
> # * https://r-pkgs.org/testing-design.html#sec-tests-files-overview
> # * https://testthat.r-lib.org/articles/special-files.html
>
> library(testthat)
> library(BayesChange)
>
> test_check("BayesChange")
[ FAIL 1 | WARN 0 | SKIP 0 | PASS 1 ]
══ Failed tests ════════════════════════════════════════════════════════════════
── Error ('test-test-clust_cp.R:11:3'): clust_cp works ─────────────────────────
<std::logic_error/C++Error/error/condition>
Error: max(): object has no elements
Backtrace:
▆
1. └─BayesChange::clust_cp(...) at test-test-clust_cp.R:11:3
2. └─BayesChange::clust_cp_uni(...)
[ FAIL 1 | WARN 0 | SKIP 0 | PASS 1 ]
Error: Test failures
Execution halted
Flavor: r-patched-linux-x86_64
Version: 2.1.3
Check: installed package size
Result: NOTE
installed size is 6.8Mb
sub-directories of 1Mb or more:
libs 6.5Mb
Flavors: r-oldrel-macos-arm64, r-oldrel-macos-x86_64
These binaries (installable software) and packages are in development.
They may not be fully stable and should be used with caution. We make no claims about them.