CRAN Package Check Results for Package BayesDLMfMRI

Last updated on 2025-02-16 10:50:42 CET.

Flavor Version Tinstall Tcheck Ttotal Status Flags
r-devel-linux-x86_64-debian-clang 0.0.3 128.07 48.05 176.12 NOTE
r-devel-linux-x86_64-debian-gcc 0.0.3 80.44 36.65 117.09 NOTE
r-devel-linux-x86_64-fedora-clang 0.0.3 323.04 NOTE
r-devel-linux-x86_64-fedora-gcc 0.0.3 340.84 NOTE
r-devel-macos-arm64 0.0.3 78.00 NOTE
r-devel-macos-x86_64 0.0.3 108.00 NOTE
r-devel-windows-x86_64 0.0.3 117.00 90.00 207.00 NOTE
r-patched-linux-x86_64 0.0.3 116.70 46.14 162.84 NOTE
r-release-linux-x86_64 0.0.3 114.00 46.17 160.17 NOTE
r-release-macos-arm64 0.0.3 80.00 NOTE
r-release-macos-x86_64 0.0.3 102.00 NOTE
r-release-windows-x86_64 0.0.3 116.00 94.00 210.00 NOTE
r-oldrel-macos-arm64 0.0.3 116.00 NOTE
r-oldrel-macos-x86_64 0.0.3 105.00 NOTE
r-oldrel-windows-x86_64 0.0.3 142.00 113.00 255.00 OK

Check Details

Version: 0.0.3
Check: Rd files
Result: NOTE checkRd: (-1) GroupSingleVoxelFETS.Rd:53: Lost braces 53 | online trajectories related to the state parameter, the simulated BOLD responses, \mjseqn{\hat{Y}}{ascii}. | ^ Flavors: r-devel-linux-x86_64-debian-clang, r-devel-linux-x86_64-debian-gcc, r-devel-linux-x86_64-fedora-clang, r-devel-linux-x86_64-fedora-gcc, r-devel-macos-arm64, r-devel-macos-x86_64, r-devel-windows-x86_64, r-patched-linux-x86_64, r-release-linux-x86_64, r-release-macos-arm64, r-release-macos-x86_64, r-release-windows-x86_64

Version: 0.0.3
Check: installed package size
Result: NOTE installed size is 7.8Mb sub-directories of 1Mb or more: data 1.2Mb libs 6.2Mb Flavors: r-release-macos-arm64, r-release-macos-x86_64, r-oldrel-macos-arm64, r-oldrel-macos-x86_64

These binaries (installable software) and packages are in development.
They may not be fully stable and should be used with caution. We make no claims about them.