Last updated on 2025-05-01 17:55:57 CEST.
Flavor | Version | Tinstall | Tcheck | Ttotal | Status | Flags |
---|---|---|---|---|---|---|
r-devel-linux-x86_64-debian-clang | 0.2.1 | 2.93 | 34.90 | 37.83 | NOTE | |
r-devel-linux-x86_64-debian-gcc | 0.2.1 | 2.04 | 26.32 | 28.36 | OK | |
r-devel-linux-x86_64-fedora-clang | 0.2.1 | 62.81 | OK | |||
r-devel-linux-x86_64-fedora-gcc | 0.2.1 | 60.54 | OK | |||
r-devel-windows-x86_64 | 0.2.1 | 5.00 | 55.00 | 60.00 | OK | |
r-patched-linux-x86_64 | 0.2.1 | 3.01 | 32.85 | 35.86 | OK | |
r-release-linux-x86_64 | OK | |||||
r-release-macos-arm64 | 0.2.1 | 33.00 | OK | |||
r-release-macos-x86_64 | 0.2.1 | 47.00 | OK | |||
r-release-windows-x86_64 | 0.2.1 | 5.00 | 55.00 | 60.00 | OK | |
r-oldrel-macos-arm64 | 0.2.1 | 26.00 | OK | |||
r-oldrel-macos-x86_64 | 0.2.1 | 32.00 | OK | |||
r-oldrel-windows-x86_64 | 0.2.1 | 6.00 | 70.00 | 76.00 | OK |
Version: 0.2.1
Check: examples
Result: NOTE
Examples with CPU (user + system) or elapsed time > 5s
user system elapsed
hgp 3.376 0.351 5.618
bmn 3.532 0.127 5.443
Flavor: r-devel-linux-x86_64-debian-clang
These binaries (installable software) and packages are in development.
They may not be fully stable and should be used with caution. We make no claims about them.