CRAN Package Check Results for Package BayesESS

Last updated on 2025-05-26 03:49:21 CEST.

Flavor Version Tinstall Tcheck Ttotal Status Flags
r-devel-linux-x86_64-debian-clang 0.1.19 36.43 66.65 103.08 NOTE
r-devel-linux-x86_64-debian-gcc 0.1.19 25.76 51.22 76.98 NOTE
r-devel-linux-x86_64-fedora-clang 0.1.19 183.42 NOTE
r-devel-linux-x86_64-fedora-gcc 0.1.19 173.60 NOTE
r-devel-windows-x86_64 0.1.19 45.00 94.00 139.00 OK
r-patched-linux-x86_64 0.1.19 34.23 64.63 98.86 OK
r-release-linux-x86_64 0.1.19 34.25 64.63 98.88 OK
r-release-macos-arm64 0.1.19 55.00 OK
r-release-macos-x86_64 0.1.19 108.00 OK
r-release-windows-x86_64 0.1.19 43.00 97.00 140.00 OK
r-oldrel-macos-arm64 0.1.19 50.00 NOTE
r-oldrel-macos-x86_64 0.1.19 90.00 NOTE
r-oldrel-windows-x86_64 0.1.19 53.00 119.00 172.00 NOTE

Check Details

Version: 0.1.19
Check: CRAN incoming feasibility
Result: NOTE Maintainer: ‘Jaejoon Song <jaejoonsong@gmail.com>’ No Authors@R field in DESCRIPTION. Please add one, modifying Authors@R: c(person(given = "Jaejoon", family = "Song", role = c("aut", "cre"), email = "jaejoonsong@gmail.com"), person(given = "Satoshi", family = "Morita", role = "aut"), person(given = c("J.", "Jack"), family = "Lee", role = "aut")) as necessary. Flavors: r-devel-linux-x86_64-debian-clang, r-devel-linux-x86_64-debian-gcc

Version: 0.1.19
Check: dependencies in R code
Result: NOTE Namespaces in Imports field not imported from: ‘MASS’ ‘MatrixModels’ All declared Imports should be used. Flavors: r-devel-linux-x86_64-fedora-clang, r-devel-linux-x86_64-fedora-gcc

Version: 0.1.19
Check: LazyData
Result: NOTE 'LazyData' is specified without a 'data' directory Flavors: r-oldrel-macos-arm64, r-oldrel-macos-x86_64, r-oldrel-windows-x86_64

These binaries (installable software) and packages are in development.
They may not be fully stable and should be used with caution. We make no claims about them.