Last updated on 2025-02-02 14:48:18 CET.
Flavor | Version | Tinstall | Tcheck | Ttotal | Status | Flags |
---|---|---|---|---|---|---|
r-devel-linux-x86_64-debian-clang | 0.1.19 | 39.16 | 67.61 | 106.77 | OK | |
r-devel-linux-x86_64-debian-gcc | 0.1.19 | 25.47 | 50.31 | 75.78 | OK | |
r-devel-linux-x86_64-fedora-clang | 0.1.19 | 190.38 | NOTE | |||
r-devel-linux-x86_64-fedora-gcc | 0.1.19 | 177.13 | NOTE | |||
r-devel-windows-x86_64 | 0.1.19 | 40.00 | 101.00 | 141.00 | OK | |
r-patched-linux-x86_64 | 0.1.19 | 36.63 | 63.95 | 100.58 | NOTE | |
r-release-linux-x86_64 | 0.1.19 | 35.76 | 63.80 | 99.56 | NOTE | |
r-release-macos-arm64 | 0.1.19 | 50.00 | NOTE | |||
r-release-macos-x86_64 | 0.1.19 | 90.00 | NOTE | |||
r-release-windows-x86_64 | 0.1.19 | 42.00 | 97.00 | 139.00 | NOTE | |
r-oldrel-macos-arm64 | 0.1.19 | 59.00 | NOTE | |||
r-oldrel-macos-x86_64 | 0.1.19 | 95.00 | NOTE | |||
r-oldrel-windows-x86_64 | 0.1.19 | 48.00 | 118.00 | 166.00 | NOTE |
Version: 0.1.19
Check: dependencies in R code
Result: NOTE
Namespaces in Imports field not imported from:
‘MASS’ ‘MatrixModels’
All declared Imports should be used.
Flavors: r-devel-linux-x86_64-fedora-clang, r-devel-linux-x86_64-fedora-gcc
Version: 0.1.19
Check: LazyData
Result: NOTE
'LazyData' is specified without a 'data' directory
Flavors: r-patched-linux-x86_64, r-release-linux-x86_64, r-release-macos-arm64, r-release-macos-x86_64, r-release-windows-x86_64, r-oldrel-macos-arm64, r-oldrel-macos-x86_64, r-oldrel-windows-x86_64
These binaries (installable software) and packages are in development.
They may not be fully stable and should be used with caution. We make no claims about them.