Last updated on 2024-07-27 15:50:11 CEST.
Flavor | Version | Tinstall | Tcheck | Ttotal | Status | Flags |
---|---|---|---|---|---|---|
r-devel-linux-x86_64-debian-clang | 0.1.7 | 21.49 | 105.53 | 127.02 | OK | |
r-devel-linux-x86_64-debian-gcc | 0.1.7 | OK | ||||
r-devel-linux-x86_64-fedora-clang | 0.1.7 | 158.37 | NOTE | |||
r-devel-linux-x86_64-fedora-gcc | 0.1.7 | 129.70 | OK | |||
r-devel-windows-x86_64 | 0.1.7 | 34.00 | 89.00 | 123.00 | OK | |
r-patched-linux-x86_64 | 0.1.7 | OK | ||||
r-release-linux-x86_64 | 0.1.7 | 16.67 | 83.51 | 100.18 | OK | |
r-release-macos-arm64 | 0.1.7 | 47.00 | OK | |||
r-release-macos-x86_64 | 0.1.7 | 112.00 | OK | |||
r-release-windows-x86_64 | 0.1.7 | 33.00 | 90.00 | 123.00 | OK | |
r-oldrel-macos-arm64 | 0.1.7 | 51.00 | OK | |||
r-oldrel-macos-x86_64 | 0.1.7 | 86.00 | OK | |||
r-oldrel-windows-x86_64 | 0.1.7 | 43.00 | 105.00 | 148.00 | OK |
Version: 0.1.7
Check: installed package size
Result: NOTE
installed size is 6.0Mb
sub-directories of 1Mb or more:
libs 5.8Mb
Flavor: r-devel-linux-x86_64-fedora-clang
These binaries (installable software) and packages are in development.
They may not be fully stable and should be used with caution. We make no claims about them.