Last updated on 2025-07-26 07:50:16 CEST.
Flavor | Version | Tinstall | Tcheck | Ttotal | Status | Flags |
---|---|---|---|---|---|---|
r-devel-linux-x86_64-debian-clang | 0.9.12-4.7 | 186.22 | 370.12 | 556.34 | OK | |
r-devel-linux-x86_64-debian-gcc | 0.9.12-4.7 | 130.08 | 268.27 | 398.35 | OK | |
r-devel-linux-x86_64-fedora-clang | 0.9.12-4.7 | 876.25 | OK | |||
r-devel-linux-x86_64-fedora-gcc | 0.9.12-4.7 | 861.43 | OK | |||
r-devel-windows-x86_64 | 0.9.12-4.7 | 205.00 | 288.00 | 493.00 | OK | |
r-patched-linux-x86_64 | 0.9.12-4.7 | 185.92 | 365.05 | 550.97 | OK | |
r-release-linux-x86_64 | 0.9.12-4.7 | 186.33 | 362.96 | 549.29 | OK | |
r-release-macos-arm64 | 0.9.12-4.7 | 228.00 | OK | |||
r-release-macos-x86_64 | 0.9.12-4.7 | 372.00 | OK | |||
r-release-windows-x86_64 | 0.9.12-4.7 | 207.00 | 286.00 | 493.00 | OK | |
r-oldrel-macos-arm64 | 0.9.12-4.7 | 186.00 | NOTE | |||
r-oldrel-macos-x86_64 | 0.9.12-4.7 | 237.00 | NOTE | |||
r-oldrel-windows-x86_64 | 0.9.12-4.7 | 240.00 | 366.00 | 606.00 | NOTE |
Version: 0.9.12-4.7
Check: installed package size
Result: NOTE
installed size is 31.8Mb
sub-directories of 1Mb or more:
doc 10.9Mb
libs 19.8Mb
Flavors: r-oldrel-macos-arm64, r-oldrel-macos-x86_64, r-oldrel-windows-x86_64
Version: 0.9.12-4.7
Check: package dependencies
Result: NOTE
Package suggested but not available for checking: 'doMC'
Flavor: r-oldrel-windows-x86_64
These binaries (installable software) and packages are in development.
They may not be fully stable and should be used with caution. We make no claims about them.