Last updated on 2025-05-08 04:51:59 CEST.
Flavor | Version | Tinstall | Tcheck | Ttotal | Status | Flags |
---|---|---|---|---|---|---|
r-devel-linux-x86_64-debian-clang | 0.9.12-4.7 | 181.74 | 367.83 | 549.57 | OK | |
r-devel-linux-x86_64-debian-gcc | 0.9.12-4.7 | 131.40 | 263.19 | 394.59 | OK | |
r-devel-linux-x86_64-fedora-clang | 0.9.12-4.7 | 876.00 | OK | |||
r-devel-linux-x86_64-fedora-gcc | 0.9.12-4.7 | 997.37 | OK | |||
r-devel-windows-x86_64 | 0.9.12-4.7 | 200.00 | 292.00 | 492.00 | OK | |
r-patched-linux-x86_64 | 0.9.12-4.7 | 178.13 | 363.61 | 541.74 | OK | |
r-release-linux-x86_64 | 0.9.12-4.7 | 183.49 | 364.84 | 548.33 | OK | |
r-release-macos-arm64 | 0.9.12-4.7 | 228.00 | OK | |||
r-release-macos-x86_64 | 0.9.12-4.7 | 372.00 | OK | |||
r-release-windows-x86_64 | 0.9.12-4.7 | 204.00 | 289.00 | 493.00 | OK | |
r-oldrel-macos-arm64 | 0.9.12-4.7 | 186.00 | NOTE | |||
r-oldrel-macos-x86_64 | 0.9.12-4.7 | 237.00 | NOTE | |||
r-oldrel-windows-x86_64 | 0.9.12-4.7 | 237.00 | 362.00 | 599.00 | NOTE |
Version: 0.9.12-4.7
Check: installed package size
Result: NOTE
installed size is 31.8Mb
sub-directories of 1Mb or more:
doc 10.9Mb
libs 19.8Mb
Flavors: r-oldrel-macos-arm64, r-oldrel-macos-x86_64, r-oldrel-windows-x86_64
Version: 0.9.12-4.7
Check: package dependencies
Result: NOTE
Package suggested but not available for checking: 'doMC'
Flavor: r-oldrel-windows-x86_64
These binaries (installable software) and packages are in development.
They may not be fully stable and should be used with caution. We make no claims about them.